CRAN Package Check Results for Package intervals

Last updated on 2020-01-27 00:48:06 CET.

Flavor Version Tinstall Tcheck Ttotal Status Flags
r-devel-linux-x86_64-debian-clang 0.15.1 10.50 44.45 54.95 OK
r-devel-linux-x86_64-debian-gcc 0.15.1 7.23 34.59 41.82 OK
r-devel-linux-x86_64-fedora-clang 0.15.1 70.81 NOTE
r-devel-linux-x86_64-fedora-gcc 0.15.1 66.48 NOTE
r-devel-windows-ix86+x86_64 0.15.1 42.00 101.00 143.00 OK
r-devel-windows-ix86+x86_64-gcc8 0.15.1 24.00 116.00 140.00 OK
r-patched-linux-x86_64 0.15.1 8.04 40.37 48.41 OK
r-patched-solaris-x86 0.15.1 91.10 OK
r-release-linux-x86_64 0.15.1 7.53 40.09 47.62 OK
r-release-windows-ix86+x86_64 0.15.1 24.00 110.00 134.00 OK
r-release-osx-x86_64 0.15.1 OK
r-oldrel-windows-ix86+x86_64 0.15.1 21.00 77.00 98.00 OK
r-oldrel-osx-x86_64 0.15.1 OK

Check Details

Version: 0.15.1
Check: compiled code
Result: NOTE
    File ‘intervals/libs/intervals.so’:
     Found no calls to: ‘R_registerRoutines’, ‘R_useDynamicSymbols’
    
    It is good practice to register native routines and to disable symbol
    search.
    
    See ‘Writing portable packages’ in the ‘Writing R Extensions’ manual.
Flavors: r-devel-linux-x86_64-fedora-clang, r-devel-linux-x86_64-fedora-gcc