Last updated on 2020-01-27 00:48:05 CET.
Flavor | Version | Tinstall | Tcheck | Ttotal | Status | Flags |
---|---|---|---|---|---|---|
r-devel-linux-x86_64-debian-clang | 0.5.1 | 7.97 | 480.02 | 487.99 | OK | |
r-devel-linux-x86_64-debian-gcc | 0.5.1 | 6.29 | 361.66 | 367.95 | OK | |
r-devel-linux-x86_64-fedora-clang | 0.5.1 | 556.60 | NOTE | |||
r-devel-linux-x86_64-fedora-gcc | 0.5.1 | 561.05 | NOTE | |||
r-devel-windows-ix86+x86_64 | 0.5.1 | 16.00 | 496.00 | 512.00 | OK | |
r-devel-windows-ix86+x86_64-gcc8 | 0.5.1 | 27.00 | 370.00 | 397.00 | OK | |
r-patched-linux-x86_64 | 0.5.1 | 5.75 | 412.07 | 417.82 | OK | |
r-patched-solaris-x86 | 0.5.1 | 529.80 | NOTE | |||
r-release-linux-x86_64 | 0.5.1 | 6.13 | 411.30 | 417.43 | OK | |
r-release-windows-ix86+x86_64 | 0.5.1 | 11.00 | 330.00 | 341.00 | OK | |
r-release-osx-x86_64 | 0.5.1 | NOTE | ||||
r-oldrel-windows-ix86+x86_64 | 0.5.1 | 7.00 | 352.00 | 359.00 | OK | |
r-oldrel-osx-x86_64 | 0.5.1 | NOTE |
Version: 0.5.1
Check: dependencies in R code
Result: NOTE
Namespace in Imports field not imported from: ‘lifecycle’
All declared Imports should be used.
Flavors: r-devel-linux-x86_64-fedora-clang, r-devel-linux-x86_64-fedora-gcc, r-patched-solaris-x86, r-release-osx-x86_64, r-oldrel-osx-x86_64