Last updated on 2020-01-27 00:48:05 CET.
Flavor | Version | Tinstall | Tcheck | Ttotal | Status | Flags |
---|---|---|---|---|---|---|
r-devel-linux-x86_64-debian-clang | 1.0.1 | 23.08 | 47.57 | 70.65 | OK | |
r-devel-linux-x86_64-debian-gcc | 1.0.1 | 16.30 | 36.50 | 52.80 | OK | |
r-devel-linux-x86_64-fedora-clang | 1.0.1 | 90.78 | NOTE | |||
r-devel-linux-x86_64-fedora-gcc | 1.0.1 | 85.38 | NOTE | |||
r-devel-windows-ix86+x86_64 | 1.0.1 | 56.00 | 131.00 | 187.00 | OK | |
r-devel-windows-ix86+x86_64-gcc8 | 1.0.1 | 73.00 | 122.00 | 195.00 | OK | |
r-patched-linux-x86_64 | 1.0.1 | 17.13 | 41.68 | 58.81 | OK | |
r-patched-solaris-x86 | 1.0.1 | 104.20 | NOTE | |||
r-release-linux-x86_64 | 1.0.1 | 18.33 | 40.86 | 59.19 | OK | |
r-release-windows-ix86+x86_64 | 1.0.1 | 46.00 | 82.00 | 128.00 | OK | |
r-release-osx-x86_64 | 1.0.1 | NOTE | ||||
r-oldrel-windows-ix86+x86_64 | 1.0.1 | 41.00 | 78.00 | 119.00 | OK | |
r-oldrel-osx-x86_64 | 1.0.1 | NOTE |
Version: 1.0.1
Check: dependencies in R code
Result: NOTE
Namespace in Imports field not imported from: ‘testthat’
All declared Imports should be used.
Flavors: r-devel-linux-x86_64-fedora-clang, r-devel-linux-x86_64-fedora-gcc, r-patched-solaris-x86, r-release-osx-x86_64, r-oldrel-osx-x86_64