CRAN Package Check Results for Package incR

Last updated on 2020-01-27 00:48:05 CET.

Flavor Version Tinstall Tcheck Ttotal Status Flags
r-devel-linux-x86_64-debian-clang 1.1.0 2.69 38.40 41.09 OK
r-devel-linux-x86_64-debian-gcc 1.1.0 2.46 29.71 32.17 OK
r-devel-linux-x86_64-fedora-clang 1.1.0 50.73 NOTE
r-devel-linux-x86_64-fedora-gcc 1.1.0 49.10 NOTE
r-devel-windows-ix86+x86_64 1.1.0 9.00 68.00 77.00 OK
r-devel-windows-ix86+x86_64-gcc8 1.1.0 14.00 53.00 67.00 OK
r-patched-linux-x86_64 1.1.0 2.83 34.50 37.33 OK
r-patched-solaris-x86 1.1.0 63.90 NOTE
r-release-linux-x86_64 1.1.0 2.83 34.79 37.62 OK
r-release-windows-ix86+x86_64 1.1.0 5.00 46.00 51.00 OK
r-release-osx-x86_64 1.1.0 NOTE
r-oldrel-windows-ix86+x86_64 1.1.0 4.00 50.00 54.00 OK
r-oldrel-osx-x86_64 1.1.0 NOTE

Check Details

Version: 1.1.0
Check: dependencies in R code
Result: NOTE
    Namespaces in Imports field not imported from:
     ‘dplyr’ ‘rgeos’
     All declared Imports should be used.
Flavors: r-devel-linux-x86_64-fedora-clang, r-devel-linux-x86_64-fedora-gcc, r-patched-solaris-x86, r-release-osx-x86_64, r-oldrel-osx-x86_64