CRAN Package Check Results for Package imputeMulti

Last updated on 2020-01-27 00:48:05 CET.

Flavor Version Tinstall Tcheck Ttotal Status Flags
r-devel-linux-x86_64-debian-clang 0.6.4 29.97 29.78 59.75 NOTE
r-devel-linux-x86_64-debian-gcc 0.6.4 17.69 23.64 41.33 NOTE
r-devel-linux-x86_64-fedora-clang 0.6.4 76.02 NOTE
r-devel-linux-x86_64-fedora-gcc 0.6.4 71.00 NOTE
r-devel-windows-ix86+x86_64 0.6.4 74.00 90.00 164.00 NOTE
r-devel-windows-ix86+x86_64-gcc8 0.6.4 75.00 88.00 163.00 NOTE
r-patched-linux-x86_64 0.6.4 19.94 27.50 47.44 NOTE
r-patched-solaris-x86 0.6.4 85.80 NOTE
r-release-linux-x86_64 0.6.4 21.05 27.69 48.74 NOTE
r-release-windows-ix86+x86_64 0.6.4 51.00 61.00 112.00 NOTE
r-release-osx-x86_64 0.6.4 NOTE
r-oldrel-windows-ix86+x86_64 0.6.4 39.00 58.00 97.00 NOTE
r-oldrel-osx-x86_64 0.6.4 NOTE

Check Details

Version: 0.6.4
Check: dependencies in R code
Result: NOTE
    There are ::: calls to the package's namespace in its code. A package
     almost never needs to use ::: for its own objects:
     'count_compare'
Flavors: r-devel-linux-x86_64-debian-clang, r-devel-linux-x86_64-debian-gcc, r-devel-windows-ix86+x86_64, r-devel-windows-ix86+x86_64-gcc8, r-patched-linux-x86_64, r-release-linux-x86_64, r-release-windows-ix86+x86_64, r-oldrel-windows-ix86+x86_64

Version: 0.6.4
Check: dependencies in R code
Result: NOTE
    Namespace in Imports field not imported from: ‘DBI’
     All declared Imports should be used.
    There are ::: calls to the package's namespace in its code. A package
     almost never needs to use ::: for its own objects:
     ‘count_compare’
Flavors: r-devel-linux-x86_64-fedora-clang, r-devel-linux-x86_64-fedora-gcc, r-patched-solaris-x86, r-release-osx-x86_64, r-oldrel-osx-x86_64

Version: 0.6.4
Check: compiled code
Result: NOTE
    File ‘imputeMulti/libs/imputeMulti.so’:
     Found no calls to: ‘R_registerRoutines’, ‘R_useDynamicSymbols’
    
    It is good practice to register native routines and to disable symbol
    search.
    
    See ‘Writing portable packages’ in the ‘Writing R Extensions’ manual.
Flavors: r-devel-linux-x86_64-fedora-clang, r-devel-linux-x86_64-fedora-gcc