Last updated on 2020-01-27 00:48:05 CET.
Flavor | Version | Tinstall | Tcheck | Ttotal | Status | Flags |
---|---|---|---|---|---|---|
r-devel-linux-x86_64-debian-clang | 0.9.99 | 1.99 | 26.02 | 28.01 | OK | |
r-devel-linux-x86_64-debian-gcc | 0.9.99 | 1.62 | 20.74 | 22.36 | OK | |
r-devel-linux-x86_64-fedora-clang | 0.9.99 | 34.89 | NOTE | |||
r-devel-linux-x86_64-fedora-gcc | 0.9.99 | 34.30 | NOTE | |||
r-devel-windows-ix86+x86_64 | 0.9.99 | 11.00 | 58.00 | 69.00 | OK | |
r-devel-windows-ix86+x86_64-gcc8 | 0.9.99 | 8.00 | 43.00 | 51.00 | OK | |
r-patched-linux-x86_64 | 0.9.99 | 1.63 | 24.02 | 25.65 | OK | |
r-patched-solaris-x86 | 0.9.99 | 46.20 | NOTE | |||
r-release-linux-x86_64 | 0.9.99 | 1.72 | 23.99 | 25.71 | OK | |
r-release-windows-ix86+x86_64 | 0.9.99 | 5.00 | 41.00 | 46.00 | OK | |
r-release-osx-x86_64 | 0.9.99 | NOTE | ||||
r-oldrel-windows-ix86+x86_64 | 0.9.99 | 3.00 | 36.00 | 39.00 | OK | |
r-oldrel-osx-x86_64 | 0.9.99 | NOTE |
Version: 0.9.99
Check: data for non-ASCII characters
Result: NOTE
Note: found 40 marked UTF-8 strings
Flavors: r-devel-linux-x86_64-fedora-clang, r-devel-linux-x86_64-fedora-gcc, r-patched-solaris-x86, r-release-osx-x86_64, r-oldrel-osx-x86_64