CRAN Package Check Results for Package humanleague

Last updated on 2020-01-27 00:48:05 CET.

Flavor Version Tinstall Tcheck Ttotal Status Flags
r-devel-linux-x86_64-debian-clang 2.1.0 104.80 27.36 132.16 OK
r-devel-linux-x86_64-debian-gcc 2.1.0 100.09 22.03 122.12 OK
r-devel-linux-x86_64-fedora-clang 2.1.0 157.27 NOTE
r-devel-linux-x86_64-fedora-gcc 2.1.0 214.95 OK
r-devel-windows-ix86+x86_64 2.1.0 207.00 101.00 308.00 OK
r-devel-windows-ix86+x86_64-gcc8 2.1.0 252.00 90.00 342.00 OK
r-patched-linux-x86_64 2.1.0 96.15 25.52 121.67 OK
r-patched-solaris-x86 2.1.0 166.50 OK
r-release-linux-x86_64 2.1.0 96.37 25.07 121.44 OK
r-release-windows-ix86+x86_64 2.1.0 153.00 69.00 222.00 OK
r-release-osx-x86_64 2.1.0 NOTE
r-oldrel-windows-ix86+x86_64 2.1.0 161.00 61.00 222.00 OK
r-oldrel-osx-x86_64 2.1.0 NOTE

Additional issues

LTO

Check Details

Version: 2.1.0
Check: installed package size
Result: NOTE
     installed size is 9.9Mb
     sub-directories of 1Mb or more:
     libs 9.8Mb
Flavors: r-devel-linux-x86_64-fedora-clang, r-release-osx-x86_64, r-oldrel-osx-x86_64