CRAN Package Check Results for Package hierarchicalDS

Last updated on 2020-01-27 00:48:05 CET.

Flavor Version Tinstall Tcheck Ttotal Status Flags
r-devel-linux-x86_64-debian-clang 3.0 16.79 100.90 117.69 OK
r-devel-linux-x86_64-debian-gcc 3.0 13.60 75.52 89.12 OK
r-devel-linux-x86_64-fedora-clang 3.0 135.97 NOTE
r-devel-linux-x86_64-fedora-gcc 3.0 138.74 NOTE
r-devel-windows-ix86+x86_64 3.0 38.00 148.00 186.00 OK
r-devel-windows-ix86+x86_64-gcc8 3.0 49.00 111.00 160.00 OK
r-patched-linux-x86_64 3.0 13.13 85.26 98.39 OK
r-patched-solaris-x86 3.0 176.60 NOTE
r-release-linux-x86_64 3.0 12.29 85.30 97.59 OK
r-release-windows-ix86+x86_64 3.0 26.00 98.00 124.00 OK
r-release-osx-x86_64 3.0 NOTE
r-oldrel-windows-ix86+x86_64 3.0 22.00 85.00 107.00 OK
r-oldrel-osx-x86_64 3.0 NOTE

Check Details

Version: 3.0
Check: dependencies in R code
Result: NOTE
    Namespace in Imports field not imported from: ‘MCMCpack’
     All declared Imports should be used.
Flavors: r-devel-linux-x86_64-fedora-clang, r-devel-linux-x86_64-fedora-gcc, r-patched-solaris-x86, r-release-osx-x86_64, r-oldrel-osx-x86_64