CRAN Package Check Results for Package hglasso

Last updated on 2020-01-27 00:48:05 CET.

Flavor Version Tinstall Tcheck Ttotal Status Flags
r-devel-linux-x86_64-debian-clang 1.2 6.88 54.64 61.52 NOTE
r-devel-linux-x86_64-debian-gcc 1.2 5.17 42.83 48.00 NOTE
r-devel-linux-x86_64-fedora-clang 1.2 72.22 NOTE
r-devel-linux-x86_64-fedora-gcc 1.2 74.99 NOTE
r-devel-windows-ix86+x86_64 1.2 16.00 97.00 113.00 NOTE
r-devel-windows-ix86+x86_64-gcc8 1.2 16.00 98.00 114.00 NOTE
r-patched-linux-x86_64 1.2 5.31 50.02 55.33 NOTE
r-patched-solaris-x86 1.2 100.50 NOTE
r-release-linux-x86_64 1.2 5.09 49.96 55.05 NOTE
r-release-windows-ix86+x86_64 1.2 11.00 62.00 73.00 NOTE
r-release-osx-x86_64 1.2 NOTE
r-oldrel-windows-ix86+x86_64 1.2 5.00 95.00 100.00 NOTE
r-oldrel-osx-x86_64 1.2 NOTE

Check Details

Version: 1.2
Check: R code for possible problems
Result: NOTE
    HubNetwork: no visible global function definition for 'rbinom'
    HubNetwork: no visible global function definition for 'runif'
    HubNetwork: no visible global function definition for 'cov2cor'
    binaryMCMC: no visible global function definition for 'rbinom'
    image.hbn: no visible global function definition for 'col2rgb'
    image.hbn: no visible global function definition for 'rgb'
    image.hbn: no visible global function definition for 'dev.new'
    image.hbn: no visible global function definition for 'par'
    image.hbn: no visible global function definition for 'image'
    image.hcov: no visible global function definition for 'col2rgb'
    image.hcov: no visible global function definition for 'rgb'
    image.hcov: no visible global function definition for 'dev.new'
    image.hcov: no visible global function definition for 'par'
    image.hcov: no visible global function definition for 'image'
    image.hglasso: no visible global function definition for 'col2rgb'
    image.hglasso: no visible global function definition for 'rgb'
    image.hglasso: no visible global function definition for 'dev.new'
    image.hglasso: no visible global function definition for 'par'
    image.hglasso: no visible global function definition for 'image'
    plot.hbn: no visible global function definition for 'rgb'
    plot.hbn: no visible global function definition for 'plot'
    plot.hcov: no visible global function definition for 'rgb'
    plot.hcov: no visible global function definition for 'plot'
    plot.hglasso: no visible global function definition for 'rgb'
    plot.hglasso: no visible global function definition for 'plot'
    Undefined global functions or variables:
     col2rgb cov2cor dev.new image par plot rbinom rgb runif
    Consider adding
     importFrom("grDevices", "col2rgb", "dev.new", "rgb")
     importFrom("graphics", "image", "par", "plot")
     importFrom("stats", "cov2cor", "rbinom", "runif")
    to your NAMESPACE file.
Flavors: r-devel-linux-x86_64-debian-clang, r-devel-linux-x86_64-debian-gcc, r-devel-linux-x86_64-fedora-clang, r-devel-linux-x86_64-fedora-gcc, r-devel-windows-ix86+x86_64, r-devel-windows-ix86+x86_64-gcc8, r-patched-linux-x86_64, r-patched-solaris-x86, r-release-linux-x86_64, r-release-windows-ix86+x86_64, r-release-osx-x86_64, r-oldrel-windows-ix86+x86_64, r-oldrel-osx-x86_64