CRAN Package Check Results for Package heemod

Last updated on 2020-01-27 00:48:05 CET.

Flavor Version Tinstall Tcheck Ttotal Status Flags
r-devel-linux-x86_64-debian-clang 0.11.0 14.10 337.09 351.19 NOTE
r-devel-linux-x86_64-debian-gcc 0.11.0 10.72 243.72 254.44 NOTE
r-devel-linux-x86_64-fedora-clang 0.11.0 393.52 NOTE
r-devel-linux-x86_64-fedora-gcc 0.11.0 424.69 NOTE
r-devel-windows-ix86+x86_64 0.11.0 29.00 455.00 484.00 OK
r-devel-windows-ix86+x86_64-gcc8 0.11.0 44.00 347.00 391.00 OK
r-patched-linux-x86_64 0.11.0 10.54 287.73 298.27 NOTE
r-patched-solaris-x86 0.11.0 431.90 NOTE
r-release-linux-x86_64 0.11.0 10.93 289.04 299.97 NOTE
r-release-windows-ix86+x86_64 0.11.0 21.00 318.00 339.00 OK
r-release-osx-x86_64 0.11.0 OK
r-oldrel-windows-ix86+x86_64 0.11.0 16.00 273.00 289.00 OK
r-oldrel-osx-x86_64 0.11.0 OK

Check Details

Version: 0.11.0
Check: package dependencies
Result: NOTE
    Package suggested but not available for checking: 'rgho'
Flavors: r-devel-linux-x86_64-debian-clang, r-devel-linux-x86_64-debian-gcc, r-devel-linux-x86_64-fedora-clang, r-devel-linux-x86_64-fedora-gcc, r-patched-linux-x86_64, r-patched-solaris-x86, r-release-linux-x86_64