CRAN Package Check Results for Package hardhat

Last updated on 2020-01-27 00:48:04 CET.

Flavor Version Tinstall Tcheck Ttotal Status Flags
r-devel-linux-x86_64-debian-clang 0.1.1 5.71 87.98 93.69 OK
r-devel-linux-x86_64-debian-gcc 0.1.1 4.89 67.44 72.33 OK
r-devel-linux-x86_64-fedora-clang 0.1.1 109.68 OK
r-devel-linux-x86_64-fedora-gcc 0.1.1 110.18 OK
r-devel-windows-ix86+x86_64 0.1.1 13.00 135.00 148.00 OK
r-devel-windows-ix86+x86_64-gcc8 0.1.1 28.00 105.00 133.00 OK
r-patched-linux-x86_64 0.1.1 4.42 77.20 81.62 OK
r-patched-solaris-x86 0.1.1 132.20 WARN
r-release-linux-x86_64 0.1.1 4.60 78.15 82.75 OK
r-release-windows-ix86+x86_64 0.1.1 10.00 91.00 101.00 OK
r-release-osx-x86_64 0.1.1 OK
r-oldrel-windows-ix86+x86_64 0.1.1 7.00 83.00 90.00 OK
r-oldrel-osx-x86_64 0.1.1 OK

Check Details

Version: 0.1.1
Check: Rd files
Result: WARN
    prepare_Rd: it is not known that wchar_t is Unicode on this platform
Flavor: r-patched-solaris-x86

Version: 0.1.1
Check: for unstated dependencies in examples
Result: WARN
    Warning in deparse(ce, width.cutoff = 0.75 * getOption("width")) :
     it is not known that wchar_t is Unicode on this platform
    Warning in deparse(ce, width.cutoff = 0.75 * getOption("width")) :
     it is not known that wchar_t is Unicode on this platform
Flavor: r-patched-solaris-x86