CRAN Package Check Results for Package h2o

Last updated on 2020-01-27 00:48:04 CET.

Flavor Version Tinstall Tcheck Ttotal Status Flags
r-devel-linux-x86_64-debian-clang 3.28.0.2 20.32 104.88 125.20 OK
r-devel-linux-x86_64-debian-gcc 3.28.0.2 19.97 80.12 100.09 OK
r-devel-linux-x86_64-fedora-clang 3.28.0.2 149.36 NOTE
r-devel-linux-x86_64-fedora-gcc 3.28.0.2 157.36 OK
r-devel-windows-ix86+x86_64 3.28.0.2 178.00 165.00 343.00 NOTE
r-devel-windows-ix86+x86_64-gcc8 3.26.0.2 161.00 130.00 291.00 NOTE
r-patched-linux-x86_64 3.28.0.2 17.98 93.57 111.55 OK
r-patched-solaris-x86 3.28.0.2 169.50 NOTE
r-release-linux-x86_64 3.28.0.2 18.75 92.76 111.51 OK
r-release-windows-ix86+x86_64 3.28.0.2 148.00 117.00 265.00 NOTE
r-release-osx-x86_64 3.28.0.2 NOTE
r-oldrel-windows-ix86+x86_64 3.28.0.2 170.00 207.00 377.00 NOTE
r-oldrel-osx-x86_64 3.28.0.2 NOTE

Check Details

Version: 3.28.0.2
Check: installed package size
Result: NOTE
     installed size is 130.6Mb
     sub-directories of 1Mb or more:
     java 128.5Mb
Flavors: r-devel-linux-x86_64-fedora-clang, r-devel-windows-ix86+x86_64, r-patched-solaris-x86, r-release-windows-ix86+x86_64, r-release-osx-x86_64, r-oldrel-windows-ix86+x86_64, r-oldrel-osx-x86_64

Version: 3.26.0.2
Check: installed package size
Result: NOTE
     installed size is 127.1Mb
     sub-directories of 1Mb or more:
     java 125.0Mb
Flavor: r-devel-windows-ix86+x86_64-gcc8

Version: 3.28.0.2
Check: dependencies in R code
Result: NOTE
    No protocol specified
Flavors: r-release-osx-x86_64, r-oldrel-osx-x86_64