CRAN Package Check Results for Package gsmoothr

Last updated on 2020-01-27 00:48:04 CET.

Flavor Version Tinstall Tcheck Ttotal Status Flags
r-devel-linux-x86_64-debian-clang 0.1.7 2.66 19.64 22.30 NOTE
r-devel-linux-x86_64-debian-gcc 0.1.7 2.01 16.03 18.04 NOTE
r-devel-linux-x86_64-fedora-clang 0.1.7 28.14 NOTE
r-devel-linux-x86_64-fedora-gcc 0.1.7 28.42 NOTE
r-devel-windows-ix86+x86_64 0.1.7 14.00 46.00 60.00 NOTE
r-devel-windows-ix86+x86_64-gcc8 0.1.7 9.00 51.00 60.00 NOTE
r-patched-linux-x86_64 0.1.7 1.96 18.19 20.15 NOTE
r-patched-solaris-x86 0.1.7 39.30 NOTE
r-release-linux-x86_64 0.1.7 1.68 18.13 19.81 NOTE
r-release-windows-ix86+x86_64 0.1.7 8.00 48.00 56.00 NOTE
r-release-osx-x86_64 0.1.7 NOTE
r-oldrel-windows-ix86+x86_64 0.1.7 5.00 34.00 39.00 NOTE
r-oldrel-osx-x86_64 0.1.7 NOTE

Check Details

Version: 0.1.7
Check: DESCRIPTION meta-information
Result: NOTE
    Malformed Description field: should contain one or more complete sentences.
Flavors: r-devel-linux-x86_64-debian-clang, r-devel-linux-x86_64-debian-gcc, r-devel-linux-x86_64-fedora-clang, r-devel-linux-x86_64-fedora-gcc, r-devel-windows-ix86+x86_64, r-devel-windows-ix86+x86_64-gcc8, r-patched-linux-x86_64, r-patched-solaris-x86, r-release-linux-x86_64, r-release-windows-ix86+x86_64, r-release-osx-x86_64, r-oldrel-windows-ix86+x86_64, r-oldrel-osx-x86_64

Version: 0.1.7
Check: compiled code
Result: NOTE
    File ‘gsmoothr/libs/gsmoothr.so’:
     Found no call to: ‘R_useDynamicSymbols’
    
    It is good practice to register native routines and to disable symbol
    search.
    
    See ‘Writing portable packages’ in the ‘Writing R Extensions’ manual.
Flavors: r-devel-linux-x86_64-fedora-clang, r-devel-linux-x86_64-fedora-gcc