CRAN Package Check Results for Package gsarima

Last updated on 2020-01-27 00:48:04 CET.

Flavor Version Tinstall Tcheck Ttotal Status Flags
r-devel-linux-x86_64-debian-clang 0.1-4 2.48 26.81 29.29 NOTE
r-devel-linux-x86_64-debian-gcc 0.1-4 2.15 20.31 22.46 NOTE
r-devel-linux-x86_64-fedora-clang 0.1-4 36.15 NOTE
r-devel-linux-x86_64-fedora-gcc 0.1-4 37.25 NOTE
r-devel-windows-ix86+x86_64 0.1-4 11.00 53.00 64.00 NOTE
r-devel-windows-ix86+x86_64-gcc8 0.1-4 11.00 58.00 69.00 NOTE
r-patched-linux-x86_64 0.1-4 2.10 24.58 26.68 NOTE
r-patched-solaris-x86 0.1-4 50.70 NOTE
r-release-linux-x86_64 0.1-4 2.33 24.48 26.81 NOTE
r-release-windows-ix86+x86_64 0.1-4 6.00 37.00 43.00 NOTE
r-release-osx-x86_64 0.1-4 NOTE
r-oldrel-windows-ix86+x86_64 0.1-4 4.00 55.00 59.00 NOTE
r-oldrel-osx-x86_64 0.1-4 NOTE

Check Details

Version: 0.1-4
Check: R code for possible problems
Result: NOTE
    garsim: no visible global function definition for 'rnorm'
    garsim: no visible global function definition for 'rpois'
    Undefined global functions or variables:
     rnorm rpois
    Consider adding
     importFrom("stats", "rnorm", "rpois")
    to your NAMESPACE file.
Flavors: r-devel-linux-x86_64-debian-clang, r-devel-linux-x86_64-debian-gcc, r-devel-linux-x86_64-fedora-clang, r-devel-linux-x86_64-fedora-gcc, r-devel-windows-ix86+x86_64, r-devel-windows-ix86+x86_64-gcc8, r-patched-linux-x86_64, r-patched-solaris-x86, r-release-linux-x86_64, r-release-windows-ix86+x86_64, r-release-osx-x86_64, r-oldrel-windows-ix86+x86_64, r-oldrel-osx-x86_64

Version: 0.1-4
Check: package dependencies
Result: NOTE
    Package suggested but not available for checking: 'dse1'
Flavors: r-devel-windows-ix86+x86_64, r-devel-windows-ix86+x86_64-gcc8, r-release-windows-ix86+x86_64, r-oldrel-windows-ix86+x86_64