CRAN Package Check Results for Package groupedSurv

Last updated on 2020-01-27 00:48:04 CET.

Flavor Version Tinstall Tcheck Ttotal Status Flags
r-devel-linux-x86_64-debian-clang 1.0.4 97.93 58.79 156.72 OK
r-devel-linux-x86_64-debian-gcc 1.0.4 64.51 46.04 110.55 OK
r-devel-linux-x86_64-fedora-clang 1.0.4 239.92 WARN
r-devel-linux-x86_64-fedora-gcc 1.0.4 207.85 OK
r-devel-windows-ix86+x86_64 1.0.4 248.00 164.00 412.00 OK
r-devel-windows-ix86+x86_64-gcc8 1.0.4 259.00 138.00 397.00 OK
r-patched-linux-x86_64 1.0.4 73.55 55.17 128.72 OK
r-patched-solaris-x86 1.0.4 210.10 OK
r-release-linux-x86_64 1.0.4 72.45 55.48 127.93 OK
r-release-windows-ix86+x86_64 1.0.4 175.00 125.00 300.00 OK
r-release-osx-x86_64 1.0.4 NOTE
r-oldrel-windows-ix86+x86_64 1.0.4 170.00 129.00 299.00 OK
r-oldrel-osx-x86_64 1.0.4 NOTE

Additional issues

clang-UBSAN

Check Details

Version: 1.0.4
Check: package dependencies
Result: WARN
    Requires orphaned package: ‘doRNG’
Flavor: r-devel-linux-x86_64-fedora-clang

Version: 1.0.4
Check: installed package size
Result: NOTE
     installed size is 8.8Mb
     sub-directories of 1Mb or more:
     libs 8.3Mb
Flavors: r-devel-linux-x86_64-fedora-clang, r-release-osx-x86_64, r-oldrel-osx-x86_64