CRAN Package Check Results for Package gridsampler

Last updated on 2020-01-27 00:48:04 CET.

Flavor Version Tinstall Tcheck Ttotal Status Flags
r-devel-linux-x86_64-debian-clang 0.6 4.76 87.47 92.23 OK
r-devel-linux-x86_64-debian-gcc 0.6 3.62 63.41 67.03 OK
r-devel-linux-x86_64-fedora-clang 0.6 107.86 NOTE
r-devel-linux-x86_64-fedora-gcc 0.6 110.40 NOTE
r-devel-windows-ix86+x86_64 0.6 15.00 152.00 167.00 OK
r-devel-windows-ix86+x86_64-gcc8 0.6 24.00 114.00 138.00 OK
r-patched-linux-x86_64 0.6 3.85 77.23 81.08 OK
r-patched-solaris-x86 0.6 149.80 NOTE
r-release-linux-x86_64 0.6 3.78 76.90 80.68 OK
r-release-windows-ix86+x86_64 0.6 11.00 101.00 112.00 OK
r-release-osx-x86_64 0.6 NOTE
r-oldrel-windows-ix86+x86_64 0.6 7.00 88.00 95.00 OK
r-oldrel-osx-x86_64 0.6 NOTE

Check Details

Version: 0.6
Check: dependencies in R code
Result: NOTE
    Namespace in Imports field not imported from: ‘BiasedUrn’
     All declared Imports should be used.
Flavors: r-devel-linux-x86_64-fedora-clang, r-devel-linux-x86_64-fedora-gcc, r-patched-solaris-x86, r-release-osx-x86_64, r-oldrel-osx-x86_64