CRAN Package Check Results for Package gridBase

Last updated on 2020-01-27 00:48:04 CET.

Flavor Version Tinstall Tcheck Ttotal Status Flags
r-devel-linux-x86_64-debian-clang 0.4-7 1.97 23.50 25.47 NOTE
r-devel-linux-x86_64-debian-gcc 0.4-7 1.48 18.75 20.23 NOTE
r-devel-linux-x86_64-fedora-clang 0.4-7 32.88 NOTE
r-devel-linux-x86_64-fedora-gcc 0.4-7 34.28 NOTE
r-devel-windows-ix86+x86_64 0.4-7 8.00 58.00 66.00 NOTE
r-devel-windows-ix86+x86_64-gcc8 0.4-7 6.00 48.00 54.00 NOTE
r-patched-linux-x86_64 0.4-7 1.47 21.78 23.25 NOTE
r-patched-solaris-x86 0.4-7 45.60 NOTE
r-release-linux-x86_64 0.4-7 1.29 21.74 23.03 NOTE
r-release-windows-ix86+x86_64 0.4-7 5.00 37.00 42.00 NOTE
r-release-osx-x86_64 0.4-7 NOTE
r-oldrel-windows-ix86+x86_64 0.4-7 4.00 48.00 52.00 NOTE
r-oldrel-osx-x86_64 0.4-7 NOTE

Check Details

Version: 0.4-7
Check: DESCRIPTION meta-information
Result: NOTE
    Malformed Description field: should contain one or more complete sentences.
Flavors: r-devel-linux-x86_64-debian-clang, r-devel-linux-x86_64-debian-gcc, r-devel-linux-x86_64-fedora-clang, r-devel-linux-x86_64-fedora-gcc, r-devel-windows-ix86+x86_64, r-devel-windows-ix86+x86_64-gcc8, r-patched-linux-x86_64, r-patched-solaris-x86, r-release-linux-x86_64, r-release-windows-ix86+x86_64, r-release-osx-x86_64, r-oldrel-windows-ix86+x86_64, r-oldrel-osx-x86_64