CRAN Package Check Results for Package gratia

Last updated on 2020-01-27 00:48:04 CET.

Flavor Version Tinstall Tcheck Ttotal Status Flags
r-devel-linux-x86_64-debian-clang 0.3.0 15.04 248.87 263.91 OK
r-devel-linux-x86_64-debian-gcc 0.3.0 12.45 183.28 195.73 OK
r-devel-linux-x86_64-fedora-clang 0.3.0 302.95 OK
r-devel-linux-x86_64-fedora-gcc 0.3.0 297.62 OK
r-devel-windows-ix86+x86_64 0.3.0 36.00 430.00 466.00 OK
r-patched-linux-x86_64 0.3.0 14.38 220.11 234.49 OK
r-patched-solaris-x86 0.3.0 404.20 OK
r-release-linux-x86_64 0.3.0 14.04 217.98 232.02 OK
r-release-windows-ix86+x86_64 0.3.0 23.00 279.00 302.00 OK
r-release-osx-x86_64 0.3.0 OK
r-oldrel-osx-x86_64 0.3.0 ERROR

Check Details

Version: 0.3.0
Check: whether package can be installed
Result: ERROR
    Installation failed.
Flavor: r-oldrel-osx-x86_64