CRAN Package Check Results for Package graph4lg

Last updated on 2020-01-27 00:48:04 CET.

Flavor Version Tinstall Tcheck Ttotal Status Flags
r-devel-linux-x86_64-debian-clang 0.2.0 11.56 226.20 237.76 OK
r-devel-linux-x86_64-debian-gcc 0.2.0 9.05 166.39 175.44 OK
r-devel-linux-x86_64-fedora-clang 0.2.0 228.32 NOTE
r-devel-linux-x86_64-fedora-gcc 0.2.0 235.49 NOTE
r-devel-windows-ix86+x86_64 0.2.0 44.00 282.00 326.00 OK
r-devel-windows-ix86+x86_64-gcc8 0.2.0 39.00 208.00 247.00 OK
r-patched-linux-x86_64 0.2.0 8.14 198.55 206.69 OK
r-patched-solaris-x86 0.2.0 294.30 NOTE
r-release-linux-x86_64 0.2.0 6.54 200.78 207.32 OK
r-release-windows-ix86+x86_64 0.2.0 19.00 179.00 198.00 OK
r-release-osx-x86_64 0.2.0 NOTE
r-oldrel-windows-ix86+x86_64 0.2.0 14.00 154.00 168.00 OK
r-oldrel-osx-x86_64 0.2.0 NOTE

Check Details

Version: 0.2.0
Check: package dependencies
Result: NOTE
    Imports includes 21 non-default packages.
    Importing from so many packages makes the package vulnerable to any of
    them becoming unavailable. Move as many as possible to Suggests and
    use conditionally.
Flavor: r-devel-linux-x86_64-fedora-clang

Version: 0.2.0
Check: dependencies in R code
Result: NOTE
    Namespaces in Imports field not imported from:
     ‘Imap’ ‘Rdpack’ ‘ade4’ ‘doBy’ ‘mclust’
     All declared Imports should be used.
Flavors: r-devel-linux-x86_64-fedora-clang, r-devel-linux-x86_64-fedora-gcc, r-patched-solaris-x86, r-release-osx-x86_64, r-oldrel-osx-x86_64