Last updated on 2020-01-27 00:48:04 CET.
Flavor | Version | Tinstall | Tcheck | Ttotal | Status | Flags |
---|---|---|---|---|---|---|
r-devel-linux-x86_64-debian-clang | 1.3.1 | 10.78 | 49.84 | 60.62 | WARN | |
r-devel-linux-x86_64-debian-gcc | 1.3.1 | 7.51 | 39.43 | 46.94 | WARN | |
r-devel-linux-x86_64-fedora-clang | 1.3.1 | 76.28 | WARN | |||
r-devel-linux-x86_64-fedora-gcc | 1.3.1 | 75.25 | WARN | |||
r-devel-windows-ix86+x86_64 | 1.3.1 | 32.00 | 89.00 | 121.00 | OK | |
r-devel-windows-ix86+x86_64-gcc8 | 1.3.1 | 24.00 | 111.00 | 135.00 | OK | |
r-patched-linux-x86_64 | 1.3.1 | 8.07 | 46.76 | 54.83 | OK | |
r-patched-solaris-x86 | 1.3.1 | 84.00 | OK | |||
r-release-linux-x86_64 | 1.3.1 | 8.23 | 46.60 | 54.83 | OK | |
r-release-windows-ix86+x86_64 | 1.3.1 | 21.00 | 103.00 | 124.00 | OK | |
r-release-osx-x86_64 | 1.3.1 | OK | ||||
r-oldrel-windows-ix86+x86_64 | 1.3.1 | 19.00 | 73.00 | 92.00 | OK | |
r-oldrel-osx-x86_64 | 1.3.1 | OK |
Version: 1.3.1
Check: whether package can be installed
Result: WARN
Found the following significant warnings:
'config' variable 'CPP' is deprecated
Flavors: r-devel-linux-x86_64-debian-clang, r-devel-linux-x86_64-debian-gcc, r-devel-linux-x86_64-fedora-clang, r-devel-linux-x86_64-fedora-gcc