CRAN Package Check Results for Package glmm

Last updated on 2020-01-27 00:48:04 CET.

Flavor Version Tinstall Tcheck Ttotal Status Flags
r-devel-linux-x86_64-debian-clang 1.3.0 12.90 455.94 468.84 OK
r-devel-linux-x86_64-debian-gcc 1.3.0 9.76 361.98 371.74 OK
r-devel-linux-x86_64-fedora-clang 1.3.0 567.66 OK
r-devel-linux-x86_64-fedora-gcc 1.3.0 566.11 OK
r-devel-windows-ix86+x86_64 1.3.0 40.00 1495.00 1535.00 OK
r-devel-windows-ix86+x86_64-gcc8 1.3.0 39.00 1302.00 1341.00 OK
r-patched-linux-x86_64 1.3.0 8.46 440.80 449.26 OK
r-patched-solaris-x86 1.3.0 2440.10 OK
r-release-linux-x86_64 1.3.0 9.80 436.11 445.91 OK
r-release-windows-ix86+x86_64 1.3.0 31.00 1123.00 1154.00 OK
r-release-osx-x86_64 1.3.0 FAIL
r-oldrel-windows-ix86+x86_64 1.3.0 21.00 1060.00 1081.00 OK
r-oldrel-osx-x86_64 1.3.0 OK

Check Details

Version: 1.3.0
Check: re-building of vignette outputs
Result: WARN
    Error(s) in re-building vignettes:
     ...
    --- re-building ‘intro.Rnw’ using knitr
    --- finished re-building ‘intro.Rnw’
    
    --- re-building ‘parallel.Rnw’ using knitr
    
    Execution halted
    SUMMARY: processing the following file failed:
     ‘parallel.Rnw’
    
    Error: Vignette re-building failed.
    Execution halted
Flavor: r-release-osx-x86_64

Version: 1.3.0
Check: PDF version of manual
Result: FAIL
Flavor: r-release-osx-x86_64