CRAN Package Check Results for Package glmgraph

Last updated on 2020-01-27 00:48:04 CET.

Flavor Version Tinstall Tcheck Ttotal Status Flags
r-devel-linux-x86_64-debian-clang 1.0.3 63.16 67.07 130.23 OK
r-devel-linux-x86_64-debian-gcc 1.0.3 42.17 50.13 92.30 OK
r-devel-linux-x86_64-fedora-clang 1.0.3 164.99 NOTE
r-devel-linux-x86_64-fedora-gcc 1.0.3 162.17 NOTE
r-devel-windows-ix86+x86_64 1.0.3 142.00 193.00 335.00 OK
r-devel-windows-ix86+x86_64-gcc8 1.0.3 156.00 161.00 317.00 OK
r-patched-linux-x86_64 1.0.3 46.91 63.99 110.90 OK
r-patched-solaris-x86 1.0.3 171.60 OK
r-release-linux-x86_64 1.0.3 48.94 64.36 113.30 OK
r-release-windows-ix86+x86_64 1.0.3 109.00 151.00 260.00 OK
r-release-osx-x86_64 1.0.3 OK
r-oldrel-windows-ix86+x86_64 1.0.3 95.00 155.00 250.00 OK
r-oldrel-osx-x86_64 1.0.3 OK

Additional issues

valgrind

Check Details

Version: 1.0.3
Check: compiled code
Result: NOTE
    File ‘glmgraph/libs/glmgraph.so’:
     Found no calls to: ‘R_registerRoutines’, ‘R_useDynamicSymbols’
    
    It is good practice to register native routines and to disable symbol
    search.
    
    See ‘Writing portable packages’ in the ‘Writing R Extensions’ manual.
Flavors: r-devel-linux-x86_64-fedora-clang, r-devel-linux-x86_64-fedora-gcc