CRAN Package Check Results for Package glmBfp

Last updated on 2020-01-27 00:48:04 CET.

Flavor Version Tinstall Tcheck Ttotal Status Flags
r-devel-linux-x86_64-debian-clang 0.0-51 237.28 116.21 353.49 OK
r-devel-linux-x86_64-debian-gcc 0.0-51 173.28 88.12 261.40 OK
r-devel-linux-x86_64-fedora-clang 0.0-51 493.07 NOTE
r-devel-linux-x86_64-fedora-gcc 0.0-51 479.21 OK
r-devel-windows-ix86+x86_64 0.0-51 630.00 221.00 851.00 OK
r-devel-windows-ix86+x86_64-gcc8 0.0-51 703.00 172.00 875.00 OK
r-patched-linux-x86_64 0.0-51 190.07 104.09 294.16 OK
r-patched-solaris-x86 0.0-51 473.90 OK
r-release-linux-x86_64 0.0-51 205.17 102.50 307.67 OK
r-release-windows-ix86+x86_64 0.0-51 417.00 156.00 573.00 OK
r-release-osx-x86_64 0.0-51 NOTE
r-oldrel-windows-ix86+x86_64 0.0-51 430.00 158.00 588.00 ERROR
r-oldrel-osx-x86_64 0.0-51 NOTE

Additional issues

LTO

Check Details

Version: 0.0-51
Check: installed package size
Result: NOTE
     installed size is 9.0Mb
     sub-directories of 1Mb or more:
     libs 8.2Mb
Flavors: r-devel-linux-x86_64-fedora-clang, r-release-osx-x86_64, r-oldrel-osx-x86_64

Version: 0.0-51
Check: whether package can be installed
Result: ERROR
    Installation failed.
Flavor: r-oldrel-windows-ix86+x86_64