Last updated on 2020-01-27 00:48:04 CET.
Flavor | Version | Tinstall | Tcheck | Ttotal | Status | Flags |
---|---|---|---|---|---|---|
r-devel-linux-x86_64-debian-clang | 0.26.1 | 17.79 | 57.08 | 74.87 | OK | |
r-devel-linux-x86_64-debian-gcc | 0.26.1 | 10.36 | 45.67 | 56.03 | OK | |
r-devel-linux-x86_64-fedora-clang | 0.26.1 | 93.33 | OK | |||
r-devel-linux-x86_64-fedora-gcc | 0.26.1 | 89.30 | OK | |||
r-devel-windows-ix86+x86_64 | 0.26.1 | 138.00 | 324.00 | 462.00 | NOTE | |
r-devel-windows-ix86+x86_64-gcc8 | 0.26.1 | 88.00 | 372.00 | 460.00 | NOTE | |
r-patched-linux-x86_64 | 0.26.1 | 12.11 | 53.40 | 65.51 | OK | |
r-patched-solaris-x86 | 0.26.1 | 273.70 | OK | |||
r-release-linux-x86_64 | 0.26.1 | 11.71 | 53.02 | 64.73 | OK | |
r-release-windows-ix86+x86_64 | 0.26.1 | 70.00 | 199.00 | 269.00 | NOTE | |
r-release-osx-x86_64 | 0.26.1 | OK | ||||
r-oldrel-windows-ix86+x86_64 | 0.26.1 | 161.00 | 363.00 | 524.00 | NOTE | |
r-oldrel-osx-x86_64 | 0.26.1 | OK |
Version: 0.26.1
Check: installed package size
Result: NOTE
installed size is 6.3Mb
sub-directories of 1Mb or more:
libs 5.8Mb
Flavors: r-devel-windows-ix86+x86_64, r-devel-windows-ix86+x86_64-gcc8, r-release-windows-ix86+x86_64, r-oldrel-windows-ix86+x86_64