CRAN Package Check Results for Package gifti

Last updated on 2020-01-27 00:48:04 CET.

Flavor Version Tinstall Tcheck Ttotal Status Flags
r-devel-linux-x86_64-debian-clang 0.7.5 3.03 46.38 49.41 OK
r-devel-linux-x86_64-debian-gcc 0.7.5 2.87 36.44 39.31 OK
r-devel-linux-x86_64-fedora-clang 0.7.5 58.95 OK
r-devel-linux-x86_64-fedora-gcc 0.7.5 58.12 OK
r-devel-windows-ix86+x86_64 0.7.5 16.00 138.00 154.00 OK
r-devel-windows-ix86+x86_64-gcc8 0.7.5 11.00 107.00 118.00 OK
r-patched-linux-x86_64 0.7.5 2.94 43.76 46.70 OK
r-patched-solaris-x86 0.7.5 82.50 OK
r-release-linux-x86_64 0.7.5 2.51 43.68 46.19 OK
r-release-windows-ix86+x86_64 0.7.5 7.00 83.00 90.00 OK
r-release-osx-x86_64 0.7.5 OK
r-oldrel-windows-ix86+x86_64 0.7.5 3.00 46.00 49.00 ERROR
r-oldrel-osx-x86_64 0.7.5 OK

Check Details

Version: 0.7.5
Check: tests
Result: ERROR
     Running 'testthat.R' [3s]
    Running the tests in 'tests/testthat.R' failed.
    Complete output:
     > library(testthat)
     > library(gifti)
     >
     > test_check("gifti")
     trying URL 'http://johnmuschelli.com/gifti/BV_GIFTI.tar.gz'
     -- 1. Error: reading gifti files (@test-reader.R#3) ---------------------------
     cannot open URL 'http://johnmuschelli.com/gifti/BV_GIFTI.tar.gz'
     Backtrace:
     1. gifti::download_gifti_data(tdir)
     2. utils::download.file(url = url, destfile = destfile)
    
     == testthat results ===========================================================
     [ OK: 0 | SKIPPED: 0 | WARNINGS: 1 | FAILED: 1 ]
     1. Error: reading gifti files (@test-reader.R#3)
    
     Error: testthat unit tests failed
     Execution halted
Flavor: r-oldrel-windows-ix86+x86_64

Version: 0.7.5
Check: re-building of vignette outputs
Result: WARN
    Error in re-building vignettes:
     ...
    trying URL 'http://johnmuschelli.com/gifti/BV_GIFTI.tar.gz'
    Quitting from lines 43-46 (Reading_GIFTI_Files.Rmd)
    Error: processing vignette 'Reading_GIFTI_Files.Rmd' failed with diagnostics:
    cannot open URL 'http://johnmuschelli.com/gifti/BV_GIFTI.tar.gz'
    Execution halted
Flavor: r-oldrel-windows-ix86+x86_64