CRAN Package Check Results for Package ggwordcloud

Last updated on 2020-01-27 00:48:04 CET.

Flavor Version Tinstall Tcheck Ttotal Status Flags
r-devel-linux-x86_64-debian-clang 0.5.0 20.43 193.47 213.90 OK
r-devel-linux-x86_64-debian-gcc 0.5.0 14.42 150.01 164.43 OK
r-devel-linux-x86_64-fedora-clang 0.5.0 206.72 NOTE
r-devel-linux-x86_64-fedora-gcc 0.5.0 203.24 NOTE
r-devel-windows-ix86+x86_64 0.5.0 51.00 321.00 372.00 OK
r-devel-windows-ix86+x86_64-gcc8 0.5.0 71.00 239.00 310.00 OK
r-patched-linux-x86_64 0.5.0 15.78 179.92 195.70 OK
r-patched-solaris-x86 0.5.0 251.70 NOTE
r-release-linux-x86_64 0.5.0 16.58 179.59 196.17 OK
r-release-windows-ix86+x86_64 0.5.0 43.00 222.00 265.00 OK
r-release-osx-x86_64 0.5.0 NOTE
r-oldrel-windows-ix86+x86_64 0.5.0 37.00 213.00 250.00 OK
r-oldrel-osx-x86_64 0.5.0 NOTE

Check Details

Version: 0.5.0
Check: data for non-ASCII characters
Result: NOTE
     Note: found 203 marked UTF-8 strings
Flavors: r-devel-linux-x86_64-fedora-clang, r-devel-linux-x86_64-fedora-gcc, r-patched-solaris-x86, r-release-osx-x86_64, r-oldrel-osx-x86_64