Last updated on 2020-01-27 00:48:04 CET.
Flavor | Version | Tinstall | Tcheck | Ttotal | Status | Flags |
---|---|---|---|---|---|---|
r-devel-linux-x86_64-debian-clang | 0.1.4 | 27.31 | 274.03 | 301.34 | OK | |
r-devel-linux-x86_64-debian-gcc | 0.1.4 | 24.06 | 219.36 | 243.42 | OK | |
r-devel-linux-x86_64-fedora-clang | 0.1.4 | 380.72 | NOTE | |||
r-devel-linux-x86_64-fedora-gcc | 0.1.4 | 425.87 | OK | |||
r-devel-windows-ix86+x86_64 | 0.1.4 | 122.00 | 408.00 | 530.00 | OK | |
r-devel-windows-ix86+x86_64-gcc8 | 0.1.4 | 127.00 | 304.00 | 431.00 | OK | |
r-patched-linux-x86_64 | 0.1.4 | 24.35 | 243.97 | 268.32 | OK | |
r-patched-solaris-x86 | 0.1.4 | 464.20 | OK | |||
r-release-linux-x86_64 | 0.1.4 | 22.28 | 243.95 | 266.23 | OK | |
r-release-windows-ix86+x86_64 | 0.1.4 | 59.00 | 280.00 | 339.00 | OK | |
r-release-osx-x86_64 | 0.1.4 | OK | ||||
r-oldrel-windows-ix86+x86_64 | 0.1.4 | 40.00 | 251.00 | 291.00 | OK | |
r-oldrel-osx-x86_64 | 0.1.4 | ERROR |
Version: 0.1.4
Check: package dependencies
Result: NOTE
Imports includes 25 non-default packages.
Importing from so many packages makes the package vulnerable to any of
them becoming unavailable. Move as many as possible to Suggests and
use conditionally.
Flavor: r-devel-linux-x86_64-fedora-clang
Version: 0.1.4
Check: package dependencies
Result: ERROR
Package required and available but unsuitable version: ‘paletteer’
See section ‘The DESCRIPTION file’ in the ‘Writing R Extensions’
manual.
Flavor: r-oldrel-osx-x86_64