CRAN Package Check Results for Package ggedit

Last updated on 2020-01-27 00:48:04 CET.

Flavor Version Tinstall Tcheck Ttotal Status Flags
r-devel-linux-x86_64-debian-clang 0.3.0 9.59 74.17 83.76 OK
r-devel-linux-x86_64-debian-gcc 0.3.0 8.40 56.22 64.62 OK
r-devel-linux-x86_64-fedora-clang 0.3.0 103.12 NOTE
r-devel-linux-x86_64-fedora-gcc 0.3.0 95.49 NOTE
r-devel-windows-ix86+x86_64 0.3.0 31.00 154.00 185.00 OK
r-devel-windows-ix86+x86_64-gcc8 0.3.0 39.00 98.00 137.00 OK
r-patched-linux-x86_64 0.3.0 8.43 68.36 76.79 OK
r-patched-solaris-x86 0.3.0 129.00 NOTE
r-release-linux-x86_64 0.3.0 7.90 65.80 73.70 OK
r-release-windows-ix86+x86_64 0.3.0 20.00 96.00 116.00 OK
r-release-osx-x86_64 0.3.0 NOTE
r-oldrel-windows-ix86+x86_64 0.3.0 12.00 80.00 92.00 OK
r-oldrel-osx-x86_64 0.3.0 NOTE

Check Details

Version: 0.3.0
Check: dependencies in R code
Result: NOTE
    Namespace in Imports field not imported from: ‘magrittr’
     All declared Imports should be used.
Flavors: r-devel-linux-x86_64-fedora-clang, r-devel-linux-x86_64-fedora-gcc, r-patched-solaris-x86, r-release-osx-x86_64, r-oldrel-osx-x86_64