CRAN Package Check Results for Package gfer

Last updated on 2020-01-27 00:48:04 CET.

Flavor Version Tinstall Tcheck Ttotal Status Flags
r-devel-linux-x86_64-debian-clang 0.1.10 9.77 76.14 85.91 OK
r-devel-linux-x86_64-debian-gcc 0.1.10 8.31 57.62 65.93 OK
r-devel-linux-x86_64-fedora-clang 0.1.10 82.47 NOTE
r-devel-linux-x86_64-fedora-gcc 0.1.10 83.35 NOTE
r-devel-windows-ix86+x86_64 0.1.10 52.00 124.00 176.00 OK
r-devel-windows-ix86+x86_64-gcc8 0.1.10 30.00 87.00 117.00 OK
r-patched-linux-x86_64 0.1.10 8.84 68.65 77.49 OK
r-patched-solaris-x86 0.1.10 109.00 NOTE
r-release-linux-x86_64 0.1.10 8.87 68.32 77.19 OK
r-release-windows-ix86+x86_64 0.1.10 15.00 80.00 95.00 OK
r-release-osx-x86_64 0.1.10 NOTE
r-oldrel-windows-ix86+x86_64 0.1.10 11.00 81.00 92.00 OK
r-oldrel-osx-x86_64 0.1.10 NOTE

Check Details

Version: 0.1.10
Check: dependencies in R code
Result: NOTE
    Namespace in Imports field not imported from: ‘tidyr’
     All declared Imports should be used.
Flavors: r-devel-linux-x86_64-fedora-clang, r-devel-linux-x86_64-fedora-gcc, r-patched-solaris-x86, r-release-osx-x86_64, r-oldrel-osx-x86_64