Last updated on 2020-01-27 00:48:04 CET.
Flavor | Version | Tinstall | Tcheck | Ttotal | Status | Flags |
---|---|---|---|---|---|---|
r-devel-linux-x86_64-debian-clang | 1.0.0 | 19.25 | 654.22 | 673.47 | OK | |
r-devel-linux-x86_64-debian-gcc | 1.0.0 | 16.07 | 492.63 | 508.70 | OK | |
r-devel-linux-x86_64-fedora-clang | 1.0.0 | 793.59 | NOTE | |||
r-devel-linux-x86_64-fedora-gcc | 1.0.0 | 837.74 | NOTE | |||
r-devel-windows-ix86+x86_64 | 1.0.0 | 52.00 | 859.00 | 911.00 | OK | |
r-devel-windows-ix86+x86_64-gcc8 | 1.0.0 | 62.00 | 687.00 | 749.00 | OK | |
r-patched-linux-x86_64 | 1.0.0 | 17.28 | 570.11 | 587.39 | OK | |
r-patched-solaris-x86 | 1.0.0 | 883.10 | NOTE | |||
r-release-linux-x86_64 | 1.0.0 | 16.54 | 575.21 | 591.75 | OK | |
r-release-windows-ix86+x86_64 | 1.0.0 | 37.00 | 553.00 | 590.00 | OK | |
r-release-osx-x86_64 | 1.0.0 | NOTE | ||||
r-oldrel-windows-ix86+x86_64 | 1.0.0 | 26.00 | 650.00 | 676.00 | OK | |
r-oldrel-osx-x86_64 | 1.0.0 | NOTE |
Version: 1.0.0
Check: dependencies in R code
Result: NOTE
Namespaces in Imports field not imported from:
‘ggplot2’ ‘utils’
All declared Imports should be used.
Flavors: r-devel-linux-x86_64-fedora-clang, r-devel-linux-x86_64-fedora-gcc, r-patched-solaris-x86, r-release-osx-x86_64, r-oldrel-osx-x86_64