CRAN Package Check Results for Package geospark

Last updated on 2020-01-27 00:48:03 CET.

Flavor Version Tinstall Tcheck Ttotal Status Flags
r-devel-linux-x86_64-debian-clang 0.2.1 6.33 45.08 51.41 OK
r-devel-linux-x86_64-debian-gcc 0.2.1 4.56 35.09 39.65 OK
r-devel-linux-x86_64-fedora-clang 0.2.1 62.77 NOTE
r-devel-linux-x86_64-fedora-gcc 0.2.1 59.47 NOTE
r-devel-windows-ix86+x86_64 0.2.1 26.00 77.00 103.00 OK
r-devel-windows-ix86+x86_64-gcc8 0.2.1 21.00 62.00 83.00 OK
r-patched-linux-x86_64 0.2.1 4.82 40.84 45.66 OK
r-patched-solaris-x86 0.2.1 81.20 NOTE
r-release-linux-x86_64 0.2.1 5.07 39.63 44.70 OK
r-release-windows-ix86+x86_64 0.2.1 11.00 64.00 75.00 OK
r-release-osx-x86_64 0.2.1 NOTE
r-oldrel-windows-ix86+x86_64 0.2.1 5.00 54.00 59.00 OK
r-oldrel-osx-x86_64 0.2.1 NOTE

Check Details

Version: 0.2.1
Check: dependencies in R code
Result: NOTE
    Namespace in Imports field not imported from: ‘dbplyr’
     All declared Imports should be used.
Flavors: r-devel-linux-x86_64-fedora-clang, r-devel-linux-x86_64-fedora-gcc, r-patched-solaris-x86, r-release-osx-x86_64, r-oldrel-osx-x86_64