CRAN Package Check Results for Package geojsonsf

Last updated on 2020-01-27 00:48:03 CET.

Flavor Version Tinstall Tcheck Ttotal Status Flags
r-devel-linux-x86_64-debian-clang 1.3.0 83.54 34.67 118.21 OK
r-devel-linux-x86_64-debian-gcc 1.3.0 63.38 27.31 90.69 OK
r-devel-linux-x86_64-fedora-clang 1.3.0 171.98 NOTE
r-devel-linux-x86_64-fedora-gcc 1.3.0 164.62 OK
r-devel-windows-ix86+x86_64 1.3.0 217.00 92.00 309.00 OK
r-devel-windows-ix86+x86_64-gcc8 1.3.0 218.00 89.00 307.00 OK
r-patched-linux-x86_64 1.3.0 70.01 31.97 101.98 OK
r-patched-solaris-x86 1.3.0 160.60 OK
r-release-linux-x86_64 1.3.0 65.54 31.42 96.96 OK
r-release-windows-ix86+x86_64 1.3.0 151.00 69.00 220.00 OK
r-release-osx-x86_64 1.3.0 NOTE
r-oldrel-windows-ix86+x86_64 1.3.0 150.00 68.00 218.00 OK
r-oldrel-osx-x86_64 1.3.0 NOTE

Check Details

Version: 1.3.0
Check: installed package size
Result: NOTE
     installed size is 8.7Mb
     sub-directories of 1Mb or more:
     help 1.3Mb
     libs 6.7Mb
Flavors: r-devel-linux-x86_64-fedora-clang, r-release-osx-x86_64, r-oldrel-osx-x86_64