Last updated on 2020-01-27 00:48:03 CET.
Flavor | Version | Tinstall | Tcheck | Ttotal | Status | Flags |
---|---|---|---|---|---|---|
r-devel-linux-x86_64-debian-clang | 1.0 | 9.42 | 77.02 | 86.44 | OK | |
r-devel-linux-x86_64-debian-gcc | 1.0 | 9.02 | 61.51 | 70.53 | OK | |
r-devel-linux-x86_64-fedora-clang | 1.0 | 106.42 | WARN | |||
r-devel-linux-x86_64-fedora-gcc | 1.0 | 104.38 | OK | |||
r-devel-windows-ix86+x86_64 | 1.0 | 25.00 | 115.00 | 140.00 | OK | |
r-devel-windows-ix86+x86_64-gcc8 | 1.0 | 24.00 | 83.00 | 107.00 | OK | |
r-patched-linux-x86_64 | 1.0 | 8.83 | 69.61 | 78.44 | OK | |
r-patched-solaris-x86 | 1.0 | 156.90 | OK | |||
r-release-linux-x86_64 | 1.0 | 8.00 | 68.08 | 76.08 | OK | |
r-release-windows-ix86+x86_64 | 1.0 | 15.00 | 87.00 | 102.00 | OK | |
r-release-osx-x86_64 | 1.0 | FAIL | ||||
r-oldrel-windows-ix86+x86_64 | 1.0 | 9.00 | 73.00 | 82.00 | OK | |
r-oldrel-osx-x86_64 | 1.0 | OK |
Version: 1.0
Check: package dependencies
Result: WARN
Requires orphaned package: ‘geoR’
Flavor: r-devel-linux-x86_64-fedora-clang
Version: 1.0
Check: whether package can be installed
Result: FAIL
Flavor: r-release-osx-x86_64