CRAN Package Check Results for Package geoCount

Last updated on 2020-01-27 00:48:03 CET.

Flavor Version Tinstall Tcheck Ttotal Status Flags
r-devel-linux-x86_64-debian-clang 1.150120 92.79 40.68 133.47 WARN
r-devel-linux-x86_64-debian-gcc 1.150120 66.56 30.91 97.47 WARN
r-devel-linux-x86_64-fedora-clang 1.150120 180.51 WARN
r-devel-linux-x86_64-fedora-gcc 1.150120 174.53 WARN
r-devel-windows-ix86+x86_64 1.150120 200.00 110.00 310.00 WARN
r-devel-windows-ix86+x86_64-gcc8 1.150120 220.00 83.00 303.00 WARN
r-patched-linux-x86_64 1.150120 68.03 37.46 105.49 NOTE
r-patched-solaris-x86 1.150120 168.90 NOTE
r-release-linux-x86_64 1.150120 66.75 37.01 103.76 NOTE
r-release-windows-ix86+x86_64 1.150120 149.00 78.00 227.00 NOTE
r-release-osx-x86_64 1.150120 NOTE
r-oldrel-windows-ix86+x86_64 1.150120 123.00 64.00 187.00 NOTE
r-oldrel-osx-x86_64 1.150120 NOTE

Check Details

Version: 1.150120
Check: whether package can be installed
Result: WARN
    Found the following significant warnings:
     runMCMCfunc.cpp:40:40: warning: expression result unused [-Wunused-value]
     runMCMCfunc.cpp:41:43: warning: expression result unused [-Wunused-value]
     runMCMCfunc.cpp:55:42: warning: expression result unused [-Wunused-value]
     runMCMCfunc.cpp:56:45: warning: expression result unused [-Wunused-value]
Flavors: r-devel-linux-x86_64-debian-clang, r-devel-linux-x86_64-fedora-clang

Version: 1.150120
Check: R code for possible problems
Result: NOTE
    baseline.dist: no visible global function definition for 'rnorm'
    cdfU: no visible global function definition for 'runif'
    findMode: no visible global function definition for 'density'
    pRPS: no visible global function definition for 'density'
    plotACF: no visible global function definition for 'acf'
    plotACF: no visible global function definition for 'plot'
    plotACF: no visible global function definition for 'lines'
    plotData: no visible global function definition for 'plot'
    plotData: no visible global function definition for 'lines'
    plotData: no visible global function definition for 'points'
    plotTexas: no visible global function definition for 'plot'
    plotTexas: no visible global function definition for 'polygon'
    plot_baseline: no visible global function definition for 'quantile'
    plot_baseline: no visible global function definition for 'plot'
    plot_baseline: no visible global function definition for 'density'
    plot_baseline: no visible global function definition for 'abline'
    plot_baseline: no visible global function definition for 'legend'
    plot_etran: no visible global function definition for 'par'
    plot_etran: no visible global function definition for 'plot'
    plot_etran: no visible global function definition for 'points'
    plot_etran: no visible global function definition for 'qqnorm'
    plot_etran: no visible global function definition for 'qqline'
    plot_etran: no visible global function definition for 'density'
    plot_etran: no visible global function definition for 'dnorm'
    plot_etran: no visible global function definition for 'lines'
    plot_etran: no visible global function definition for 'qnorm'
    plot_etran: no visible global function definition for 'abline'
    plot_pRPS: no visible global function definition for 'density'
    plot_pRPS: no visible global function definition for 'plot'
    plot_pRPS: no visible global function definition for 'segments'
    plot_pRPS: no visible global function definition for 'legend'
    predY : <anonymous>: no visible global function definition for 'rnorm'
    predY : <anonymous>: no visible global function definition for 'rpois'
    predY : <anonymous>: no visible global function definition for 'rbinom'
    repYeb: no visible global function definition for 'rnorm'
    repYeb: no visible global function definition for 'rpois'
    repYeb: no visible global function definition for 'rbinom'
    repYpost: no visible global function definition for 'rpois'
    repYpost: no visible global function definition for 'rbinom'
    runMCMC.sf : <anonymous>: no visible global function definition for
     'rnorm'
    simData: no visible global function definition for 'rnorm'
    simData: no visible global function definition for 'rpois'
    simData: no visible global function definition for 'rbinom'
    tranR: no visible global function definition for 'qnorm'
    Undefined global functions or variables:
     abline acf density dnorm legend lines par plot points polygon qnorm
     qqline qqnorm quantile rbinom rnorm rpois runif segments
    Consider adding
     importFrom("graphics", "abline", "legend", "lines", "par", "plot",
     "points", "polygon", "segments")
     importFrom("stats", "acf", "density", "dnorm", "qnorm", "qqline",
     "qqnorm", "quantile", "rbinom", "rnorm", "rpois", "runif")
    to your NAMESPACE file.
Flavors: r-devel-linux-x86_64-debian-clang, r-devel-linux-x86_64-debian-gcc, r-devel-linux-x86_64-fedora-clang, r-devel-linux-x86_64-fedora-gcc, r-devel-windows-ix86+x86_64, r-devel-windows-ix86+x86_64-gcc8, r-patched-linux-x86_64, r-patched-solaris-x86, r-release-linux-x86_64, r-release-windows-ix86+x86_64, r-release-osx-x86_64, r-oldrel-windows-ix86+x86_64, r-oldrel-osx-x86_64

Version: 1.150120
Check: package dependencies
Result: NOTE
    Packages suggested but not available for checking: 'distr', 'distrEx'
Flavor: r-devel-linux-x86_64-debian-gcc

Version: 1.150120
Check: whether package can be installed
Result: WARN
    Found the following significant warnings:
     runMCMCfunc.cpp:40:40: warning: left operand of comma operator has no effect [-Wunused-value]
     runMCMCfunc.cpp:41:43: warning: left operand of comma operator has no effect [-Wunused-value]
     runMCMCfunc.cpp:55:42: warning: left operand of comma operator has no effect [-Wunused-value]
     runMCMCfunc.cpp:56:45: warning: left operand of comma operator has no effect [-Wunused-value]
Flavors: r-devel-linux-x86_64-debian-gcc, r-devel-linux-x86_64-fedora-gcc

Version: 1.150120
Check: installed package size
Result: NOTE
     installed size is 8.5Mb
     sub-directories of 1Mb or more:
     data 2.8Mb
     libs 5.0Mb
Flavors: r-devel-linux-x86_64-fedora-clang, r-devel-windows-ix86+x86_64, r-devel-windows-ix86+x86_64-gcc8, r-release-windows-ix86+x86_64, r-release-osx-x86_64, r-oldrel-windows-ix86+x86_64, r-oldrel-osx-x86_64

Version: 1.150120
Check: compiled code
Result: NOTE
    File ‘geoCount/libs/geoCount.so’:
     Found no calls to: ‘R_registerRoutines’, ‘R_useDynamicSymbols’
    
    It is good practice to register native routines and to disable symbol
    search.
    
    See ‘Writing portable packages’ in the ‘Writing R Extensions’ manual.
Flavors: r-devel-linux-x86_64-fedora-clang, r-devel-linux-x86_64-fedora-gcc

Version: 1.150120
Check: whether package can be installed
Result: WARN
    Found the following significant warnings:
     runMCMCfunc.cpp:40:42: warning: left operand of comma operator has no effect [-Wunused-value]
     runMCMCfunc.cpp:41:45: warning: left operand of comma operator has no effect [-Wunused-value]
     runMCMCfunc.cpp:55:44: warning: left operand of comma operator has no effect [-Wunused-value]
     runMCMCfunc.cpp:56:47: warning: left operand of comma operator has no effect [-Wunused-value]
Flavors: r-devel-windows-ix86+x86_64, r-devel-windows-ix86+x86_64-gcc8