CRAN Package Check Results for Package genetics

Last updated on 2020-01-27 00:48:03 CET.

Flavor Version Tinstall Tcheck Ttotal Status Flags
r-devel-linux-x86_64-debian-clang 1.3.8.1.2 6.53 67.69 74.22 NOTE
r-devel-linux-x86_64-debian-gcc 1.3.8.1.2 5.01 50.74 55.75 NOTE
r-devel-linux-x86_64-fedora-clang 1.3.8.1.2 86.13 NOTE
r-devel-linux-x86_64-fedora-gcc 1.3.8.1.2 82.69 NOTE
r-devel-windows-ix86+x86_64 1.3.8.1.2 18.00 103.00 121.00 OK
r-devel-windows-ix86+x86_64-gcc8 1.3.8.1.2 14.00 98.00 112.00 OK
r-patched-linux-x86_64 1.3.8.1.2 4.50 59.82 64.32 NOTE
r-patched-solaris-x86 1.3.8.1.2 96.10 NOTE
r-release-linux-x86_64 1.3.8.1.2 4.65 59.90 64.55 NOTE
r-release-windows-ix86+x86_64 1.3.8.1.2 9.00 67.00 76.00 OK
r-release-osx-x86_64 1.3.8.1.2 NOTE
r-oldrel-windows-ix86+x86_64 1.3.8.1.2 7.00 96.00 103.00 OK
r-oldrel-osx-x86_64 1.3.8.1.2 NOTE

Check Details

Version: 1.3.8.1.2
Check: Rd cross-references
Result: NOTE
    Package unavailable to check Rd xrefs: 'GeneticsDesign'
Flavors: r-devel-linux-x86_64-debian-clang, r-devel-linux-x86_64-debian-gcc, r-devel-linux-x86_64-fedora-clang, r-devel-linux-x86_64-fedora-gcc, r-patched-linux-x86_64, r-patched-solaris-x86, r-release-linux-x86_64, r-release-osx-x86_64, r-oldrel-osx-x86_64

Version: 1.3.8.1.2
Check: Rd \usage sections
Result: NOTE
    S3 methods shown with full name in documentation object 'diseq':
     ‘diseq.ci’
    
    The \usage entries for S3 methods should use the \method markup and not
    their full name.
    See chapter ‘Writing R documentation files’ in the ‘Writing R
    Extensions’ manual.
Flavor: r-oldrel-osx-x86_64