CRAN Package Check Results for Package gdtools

Last updated on 2020-01-27 00:48:03 CET.

Flavor Version Tinstall Tcheck Ttotal Status Flags
r-devel-linux-x86_64-debian-clang 0.2.1 50.72 26.77 77.49 OK
r-devel-linux-x86_64-debian-gcc 0.2.1 29.55 21.18 50.73 OK
r-devel-linux-x86_64-fedora-clang 0.2.1 111.12 OK
r-devel-linux-x86_64-fedora-gcc 0.2.1 95.62 OK
r-devel-windows-ix86+x86_64 0.2.1 137.00 107.00 244.00 NOTE
r-devel-windows-ix86+x86_64-gcc8 0.2.1 138.00 87.00 225.00 NOTE
r-patched-linux-x86_64 0.2.1 36.29 24.43 60.72 OK
r-patched-solaris-x86 0.2.1 93.60 OK
r-release-linux-x86_64 0.2.1 36.21 24.23 60.44 OK
r-release-windows-ix86+x86_64 0.2.1 98.00 76.00 174.00 NOTE
r-release-osx-x86_64 0.2.1 OK
r-oldrel-windows-ix86+x86_64 0.2.1 79.00 75.00 154.00 NOTE
r-oldrel-osx-x86_64 0.2.1 OK

Check Details

Version: 0.2.1
Check: installed package size
Result: NOTE
     installed size is 7.7Mb
     sub-directories of 1Mb or more:
     libs 7.5Mb
Flavors: r-devel-windows-ix86+x86_64, r-devel-windows-ix86+x86_64-gcc8, r-release-windows-ix86+x86_64, r-oldrel-windows-ix86+x86_64