CRAN Package Check Results for Package gdalcubes

Last updated on 2020-01-27 00:48:03 CET.

Flavor Version Tinstall Tcheck Ttotal Status Flags
r-devel-linux-x86_64-debian-clang 0.2.3 394.93 57.37 452.30 WARN
r-devel-linux-x86_64-debian-gcc 0.2.3 357.61 43.88 401.49 WARN
r-devel-linux-x86_64-fedora-clang 0.2.3 638.20 NOTE
r-devel-linux-x86_64-fedora-gcc 0.2.3 820.23 OK
r-devel-windows-ix86+x86_64 0.2.3 1011.00 483.00 1494.00 NOTE
r-devel-windows-ix86+x86_64-gcc8 0.2.3 1012.00 362.00 1374.00 NOTE
r-patched-linux-x86_64 0.2.3 355.08 52.61 407.69 OK
r-patched-solaris-x86 0.2.3 492.10 NOTE
r-release-linux-x86_64 0.2.3 357.57 51.82 409.39 OK
r-release-windows-ix86+x86_64 0.2.3 747.00 359.00 1106.00 NOTE
r-release-osx-x86_64 0.2.3 NOTE
r-oldrel-windows-ix86+x86_64 0.2.3 727.00 361.00 1088.00 NOTE
r-oldrel-osx-x86_64 0.2.3 NOTE

Check Details

Version: 0.2.3
Check: whether package can be installed
Result: WARN
    Found the following significant warnings:
     gdalcubes/src/cube.cpp:593:13: warning: 'GetLinearUnits' is deprecated: Use GetLinearUnits(const char**) instead [-Wdeprecated-declarations]
Flavor: r-devel-linux-x86_64-debian-clang

Version: 0.2.3
Check: whether package can be installed
Result: WARN
    Found the following significant warnings:
     gdalcubes/src/cube.cpp:593:33: warning: ‘double OGRSpatialReference::GetLinearUnits(char**) const’ is deprecated [-Wdeprecated-declarations]
Flavor: r-devel-linux-x86_64-debian-gcc

Version: 0.2.3
Check: installed package size
Result: NOTE
     installed size is 40.9Mb
     sub-directories of 1Mb or more:
     L8NY18 2.3Mb
     libs 37.2Mb
Flavors: r-devel-linux-x86_64-fedora-clang, r-devel-windows-ix86+x86_64, r-devel-windows-ix86+x86_64-gcc8, r-patched-solaris-x86, r-release-windows-ix86+x86_64, r-release-osx-x86_64, r-oldrel-windows-ix86+x86_64, r-oldrel-osx-x86_64