Last updated on 2020-01-27 00:48:03 CET.
Flavor | Version | Tinstall | Tcheck | Ttotal | Status | Flags |
---|---|---|---|---|---|---|
r-devel-linux-x86_64-debian-clang | 1.0.1 | 13.32 | 101.58 | 114.90 | OK | |
r-devel-linux-x86_64-debian-gcc | 1.0.1 | 10.54 | 76.59 | 87.13 | OK | |
r-devel-linux-x86_64-fedora-clang | 1.0.1 | 141.86 | WARN | |||
r-devel-linux-x86_64-fedora-gcc | 1.0.1 | 135.53 | OK | |||
r-devel-windows-ix86+x86_64 | 1.0.1 | 57.00 | 201.00 | 258.00 | OK | |
r-devel-windows-ix86+x86_64-gcc8 | 1.0.1 | 49.00 | 154.00 | 203.00 | OK | |
r-patched-linux-x86_64 | 1.0.1 | 12.51 | 89.93 | 102.44 | OK | |
r-patched-solaris-x86 | 1.0.1 | 215.80 | OK | |||
r-release-linux-x86_64 | 1.0.1 | 11.25 | 89.86 | 101.11 | OK | |
r-release-windows-ix86+x86_64 | 1.0.1 | 24.00 | 141.00 | 165.00 | OK | |
r-release-osx-x86_64 | 1.0.1 | OK | ||||
r-oldrel-windows-ix86+x86_64 | 1.0.1 | 18.00 | 133.00 | 151.00 | OK | |
r-oldrel-osx-x86_64 | 1.0.1 | OK |
Version: 1.0.1
Check: package dependencies
Result: WARN
Requires orphaned package: ‘geoR’
Flavor: r-devel-linux-x86_64-fedora-clang