CRAN Package Check Results for Package gap

Last updated on 2020-01-27 00:48:03 CET.

Flavor Version Tinstall Tcheck Ttotal Status Flags
r-devel-linux-x86_64-debian-clang 1.2.1 22.77 101.07 123.84 WARN
r-devel-linux-x86_64-debian-gcc 1.2.1 17.34 76.71 94.05 WARN
r-devel-linux-x86_64-fedora-clang 1.2.1 153.83 NOTE
r-devel-linux-x86_64-fedora-gcc 1.2.1 152.90 WARN
r-devel-windows-ix86+x86_64 1.2.1 61.00 143.00 204.00 OK
r-devel-windows-ix86+x86_64-gcc8 1.2.1 59.00 115.00 174.00 OK
r-patched-linux-x86_64 1.2.1 17.81 94.42 112.23 OK
r-patched-solaris-x86 1.2.1 150.40 OK
r-release-linux-x86_64 1.2.1 17.30 93.51 110.81 OK
r-release-windows-ix86+x86_64 1.2.1 46.00 96.00 142.00 OK
r-release-osx-x86_64 1.2.1 OK
r-oldrel-windows-ix86+x86_64 1.2.1 45.00 96.00 141.00 OK
r-oldrel-osx-x86_64 1.2.1 OK

Check Details

Version: 1.2.1
Check: whether package can be installed
Result: WARN
    Found the following significant warnings:
     gcx.c:1498:1: warning: ignoring return value of function declared with 'warn_unused_result' attribute [-Wunused-result]
     gcx.c:1507:1: warning: ignoring return value of function declared with 'warn_unused_result' attribute [-Wunused-result]
     makeped_c.c:165:3: warning: ignoring return value of function declared with 'warn_unused_result' attribute [-Wunused-result]
     makeped_c.c:179:3: warning: ignoring return value of function declared with 'warn_unused_result' attribute [-Wunused-result]
     makeped_c.c:264:5: warning: ignoring return value of function declared with 'warn_unused_result' attribute [-Wunused-result]
     makeped_c.c:343:5: warning: ignoring return value of function declared with 'warn_unused_result' attribute [-Wunused-result]
     makeped_c.c:464:3: warning: ignoring return value of function declared with 'warn_unused_result' attribute [-Wunused-result]
     makeped_c.c:486:5: warning: ignoring return value of function declared with 'warn_unused_result' attribute [-Wunused-result]
     makeped_c.c:497:9: warning: ignoring return value of function declared with 'warn_unused_result' attribute [-Wunused-result]
     makeped_c.c:611:3: warning: ignoring return value of function declared with 'warn_unused_result' attribute [-Wunused-result]
     makeped_c.c:617:7: warning: ignoring return value of function declared with 'warn_unused_result' attribute [-Wunused-result]
     makeped_c.c:813:4: warning: ignoring return value of function declared with 'warn_unused_result' attribute [-Wunused-result]
     makeped_c.c:814:4: warning: ignoring return value of function declared with 'warn_unused_result' attribute [-Wunused-result]
     makeped_c.c:1049:3: warning: ignoring return value of function declared with 'warn_unused_result' attribute [-Wunused-result]
     makeped_c.c:1055:7: warning: ignoring return value of function declared with 'warn_unused_result' attribute [-Wunused-result]
     makeped_c.c:1179:8: warning: ignoring return value of function declared with 'warn_unused_result' attribute [-Wunused-result]
     makeped_c.c:1180:8: warning: ignoring return value of function declared with 'warn_unused_result' attribute [-Wunused-result]
     makeped_c.c:1411:3: warning: ignoring return value of function declared with 'warn_unused_result' attribute [-Wunused-result]
     mia.c:57:7: warning: ignoring return value of function declared with 'warn_unused_result' attribute [-Wunused-result]
     mia.c:99:9: warning: ignoring return value of function declared with 'warn_unused_result' attribute [-Wunused-result]
     mia.c:200:9: warning: ignoring return value of function declared with 'warn_unused_result' attribute [-Wunused-result]
     mia.c:245:9: warning: ignoring return value of function declared with 'warn_unused_result' attribute [-Wunused-result]
     pgc_c.c:195:1: warning: ignoring return value of function declared with 'warn_unused_result' attribute [-Wunused-result]
     pgc_c.c:202:1: warning: ignoring return value of function declared with 'warn_unused_result' attribute [-Wunused-result]
     pgc_c.c:205:1: warning: ignoring return value of function declared with 'warn_unused_result' attribute [-Wunused-result]
     pgc_c.c:207:1: warning: ignoring return value of function declared with 'warn_unused_result' attribute [-Wunused-result]
     pgc_c.c:210:1: warning: ignoring return value of function declared with 'warn_unused_result' attribute [-Wunused-result]
     pgc_c.c:435:1: warning: ignoring return value of function declared with 'warn_unused_result' attribute [-Wunused-result]
     pgc_c.c:442:1: warning: ignoring return value of function declared with 'warn_unused_result' attribute [-Wunused-result]
     pgc_c.c:445:1: warning: ignoring return value of function declared with 'warn_unused_result' attribute [-Wunused-result]
     pgc_c.c:447:1: warning: ignoring return value of function declared with 'warn_unused_result' attribute [-Wunused-result]
     pgc_c.c:450:1: warning: ignoring return value of function declared with 'warn_unused_result' attribute [-Wunused-result]
Flavor: r-devel-linux-x86_64-debian-clang

Version: 1.2.1
Check: whether package can be installed
Result: WARN
    Found the following significant warnings:
     gcx.c:1498:1: warning: ignoring return value of ‘fgets’, declared with attribute warn_unused_result [-Wunused-result]
     gcx.c:1507:1: warning: ignoring return value of ‘fgets’, declared with attribute warn_unused_result [-Wunused-result]
     makeped_c.c:165:3: warning: ignoring return value of ‘fscanf’, declared with attribute warn_unused_result [-Wunused-result]
     makeped_c.c:179:3: warning: ignoring return value of ‘fscanf’, declared with attribute warn_unused_result [-Wunused-result]
     makeped_c.c:264:5: warning: ignoring return value of ‘fscanf’, declared with attribute warn_unused_result [-Wunused-result]
     makeped_c.c:343:5: warning: ignoring return value of ‘fscanf’, declared with attribute warn_unused_result [-Wunused-result]
     makeped_c.c:464:3: warning: ignoring return value of ‘fscanf’, declared with attribute warn_unused_result [-Wunused-result]
     makeped_c.c:486:5: warning: ignoring return value of ‘fscanf’, declared with attribute warn_unused_result [-Wunused-result]
     makeped_c.c:497:9: warning: ignoring return value of ‘fscanf’, declared with attribute warn_unused_result [-Wunused-result]
     makeped_c.c:611:3: warning: ignoring return value of ‘fscanf’, declared with attribute warn_unused_result [-Wunused-result]
     makeped_c.c:617:7: warning: ignoring return value of ‘fgets’, declared with attribute warn_unused_result [-Wunused-result]
     makeped_c.c:813:4: warning: ignoring return value of ‘fscanf’, declared with attribute warn_unused_result [-Wunused-result]
     makeped_c.c:814:4: warning: ignoring return value of ‘fscanf’, declared with attribute warn_unused_result [-Wunused-result]
     makeped_c.c:1049:3: warning: ignoring return value of ‘fscanf’, declared with attribute warn_unused_result [-Wunused-result]
     makeped_c.c:1055:7: warning: ignoring return value of ‘fgets’, declared with attribute warn_unused_result [-Wunused-result]
     makeped_c.c:1179:8: warning: ignoring return value of ‘fscanf’, declared with attribute warn_unused_result [-Wunused-result]
     makeped_c.c:1180:8: warning: ignoring return value of ‘fscanf’, declared with attribute warn_unused_result [-Wunused-result]
     makeped_c.c:1411:3: warning: ignoring return value of ‘fscanf’, declared with attribute warn_unused_result [-Wunused-result]
     mia.c:57:7: warning: ignoring return value of ‘fgets’, declared with attribute warn_unused_result [-Wunused-result]
     mia.c:99:9: warning: ignoring return value of ‘fgets’, declared with attribute warn_unused_result [-Wunused-result]
     mia.c:200:9: warning: ignoring return value of ‘fgets’, declared with attribute warn_unused_result [-Wunused-result]
     mia.c:245:9: warning: ignoring return value of ‘fgets’, declared with attribute warn_unused_result [-Wunused-result]
     pgc_c.c:195:1: warning: ignoring return value of ‘fgets’, declared with attribute warn_unused_result [-Wunused-result]
     pgc_c.c:202:1: warning: ignoring return value of ‘fgets’, declared with attribute warn_unused_result [-Wunused-result]
     pgc_c.c:205:1: warning: ignoring return value of ‘fgets’, declared with attribute warn_unused_result [-Wunused-result]
     pgc_c.c:207:1: warning: ignoring return value of ‘fgets’, declared with attribute warn_unused_result [-Wunused-result]
     pgc_c.c:210:1: warning: ignoring return value of ‘fgets’, declared with attribute warn_unused_result [-Wunused-result]
     pgc_c.c:435:1: warning: ignoring return value of ‘fgets’, declared with attribute warn_unused_result [-Wunused-result]
     pgc_c.c:442:1: warning: ignoring return value of ‘fgets’, declared with attribute warn_unused_result [-Wunused-result]
     pgc_c.c:445:1: warning: ignoring return value of ‘fgets’, declared with attribute warn_unused_result [-Wunused-result]
     pgc_c.c:447:1: warning: ignoring return value of ‘fgets’, declared with attribute warn_unused_result [-Wunused-result]
     pgc_c.c:450:1: warning: ignoring return value of ‘fgets’, declared with attribute warn_unused_result [-Wunused-result]
Flavors: r-devel-linux-x86_64-debian-gcc, r-devel-linux-x86_64-fedora-gcc

Version: 1.2.1
Check: package dependencies
Result: NOTE
    Suggests orphaned package: ‘regress’
Flavor: r-devel-linux-x86_64-fedora-clang