CRAN Package Check Results for Package gamboostMSM

Last updated on 2020-01-27 00:48:03 CET.

Flavor Version Tinstall Tcheck Ttotal Status Flags
r-devel-linux-x86_64-debian-clang 1.1.87 6.96 58.12 65.08 NOTE
r-devel-linux-x86_64-debian-gcc 1.1.87 6.33 46.08 52.41 NOTE
r-devel-linux-x86_64-fedora-clang 1.1.87 79.13 NOTE
r-devel-linux-x86_64-fedora-gcc 1.1.87 77.28 NOTE
r-devel-windows-ix86+x86_64 1.1.87 21.00 97.00 118.00 NOTE
r-devel-windows-ix86+x86_64-gcc8 1.1.87 24.00 99.00 123.00 NOTE
r-patched-linux-x86_64 1.1.87 6.99 52.34 59.33 NOTE
r-patched-solaris-x86 1.1.87 108.60 NOTE
r-release-linux-x86_64 1.1.87 6.87 51.69 58.56 NOTE
r-release-windows-ix86+x86_64 1.1.87 14.00 61.00 75.00 NOTE
r-release-osx-x86_64 1.1.87 NOTE
r-oldrel-windows-ix86+x86_64 1.1.87 8.00 91.00 99.00 NOTE
r-oldrel-osx-x86_64 1.1.87 NOTE

Check Details

Version: 1.1.87
Check: DESCRIPTION meta-information
Result: NOTE
    Malformed Description field: should contain one or more complete sentences.
Flavors: r-devel-linux-x86_64-debian-clang, r-devel-linux-x86_64-debian-gcc, r-devel-linux-x86_64-fedora-clang, r-devel-linux-x86_64-fedora-gcc, r-devel-windows-ix86+x86_64, r-devel-windows-ix86+x86_64-gcc8, r-patched-linux-x86_64, r-patched-solaris-x86, r-release-linux-x86_64, r-release-windows-ix86+x86_64, r-release-osx-x86_64, r-oldrel-windows-ix86+x86_64, r-oldrel-osx-x86_64

Version: 1.1.87
Check: R code for possible problems
Result: NOTE
    cvriskMSM: no visible global function definition for 'predict'
    plotcvriskMSM: no visible global function definition for 'plot'
    plotcvriskMSM: no visible binding for global variable 'lines'
    plotcvriskMSM: no visible global function definition for 'lines'
    Undefined global functions or variables:
     lines plot predict
    Consider adding
     importFrom("graphics", "lines", "plot")
     importFrom("stats", "predict")
    to your NAMESPACE file.
Flavors: r-devel-linux-x86_64-debian-clang, r-devel-linux-x86_64-debian-gcc, r-devel-linux-x86_64-fedora-clang, r-devel-linux-x86_64-fedora-gcc, r-devel-windows-ix86+x86_64, r-devel-windows-ix86+x86_64-gcc8, r-patched-linux-x86_64, r-patched-solaris-x86, r-release-linux-x86_64, r-release-windows-ix86+x86_64, r-release-osx-x86_64, r-oldrel-windows-ix86+x86_64, r-oldrel-osx-x86_64