CRAN Package Check Results for Package gainML

Last updated on 2020-01-27 00:48:03 CET.

Flavor Version Tinstall Tcheck Ttotal Status Flags
r-devel-linux-x86_64-debian-clang 0.1.0 5.28 62.77 68.05 OK
r-devel-linux-x86_64-debian-gcc 0.1.0 4.27 47.82 52.09 OK
r-devel-linux-x86_64-fedora-clang 0.1.0 80.63 OK
r-devel-linux-x86_64-fedora-gcc 0.1.0 80.76 OK
r-devel-windows-ix86+x86_64 0.1.0 14.00 105.00 119.00 OK
r-devel-windows-ix86+x86_64-gcc8 0.1.0 14.00 82.00 96.00 OK
r-patched-linux-x86_64 0.1.0 3.69 56.50 60.19 OK
r-patched-solaris-x86 0.1.0 99.40 OK
r-release-linux-x86_64 0.1.0 3.92 55.51 59.43 OK
r-release-windows-ix86+x86_64 0.1.0 8.00 64.00 72.00 OK
r-release-osx-x86_64 0.1.0 OK
r-oldrel-osx-x86_64 0.1.0 ERROR

Check Details

Version: 0.1.0
Check: whether package can be installed
Result: ERROR
    Installation failed.
Flavor: r-oldrel-osx-x86_64