CRAN Package Check Results for Package gRbase

Last updated on 2020-01-27 00:48:04 CET.

Flavor Version Tinstall Tcheck Ttotal Status Flags
r-devel-linux-x86_64-debian-clang 1.8-5.1 222.87 138.94 361.81 OK
r-devel-linux-x86_64-debian-gcc 1.8-5.1 163.41 109.29 272.70 OK
r-devel-linux-x86_64-fedora-clang 1.8-5.1 493.38 NOTE
r-devel-linux-x86_64-fedora-gcc 1.8-5.1 477.69 OK
r-devel-windows-ix86+x86_64 1.8-5.1 535.00 272.00 807.00 OK
r-devel-windows-ix86+x86_64-gcc8 1.8-5.1 580.00 212.00 792.00 NOTE
r-patched-linux-x86_64 1.8-5.1 174.80 126.11 300.91 OK
r-patched-solaris-x86 1.8-5.1 437.50 OK
r-release-linux-x86_64 1.8-5.1 179.36 125.60 304.96 OK
r-release-windows-ix86+x86_64 1.8-5.1 394.00 190.00 584.00 OK
r-release-osx-x86_64 1.8-5.1 NOTE
r-oldrel-windows-ix86+x86_64 1.8-3.4 540.00 217.00 757.00 OK
r-oldrel-osx-x86_64 1.8-5.1 ERROR

Check Details

Version: 1.8-5.1
Check: installed package size
Result: NOTE
     installed size is 13.5Mb
     sub-directories of 1Mb or more:
     libs 11.5Mb
Flavors: r-devel-linux-x86_64-fedora-clang, r-devel-windows-ix86+x86_64-gcc8, r-release-osx-x86_64

Version: 1.8-5.1
Check: whether package can be installed
Result: ERROR
    Installation failed.
Flavor: r-oldrel-osx-x86_64