CRAN Package Check Results for Package g.data

Last updated on 2020-01-27 00:48:03 CET.

Flavor Version Tinstall Tcheck Ttotal Status Flags
r-devel-linux-x86_64-debian-clang 2.4 2.08 21.79 23.87 NOTE
r-devel-linux-x86_64-debian-gcc 2.4 1.70 17.52 19.22 NOTE
r-devel-linux-x86_64-fedora-clang 2.4 30.73 OK
r-devel-linux-x86_64-fedora-gcc 2.4 30.40 OK
r-devel-windows-ix86+x86_64 2.4 7.00 50.00 57.00 OK
r-devel-windows-ix86+x86_64-gcc8 2.4 6.00 50.00 56.00 OK
r-patched-linux-x86_64 2.4 1.67 20.46 22.13 NOTE
r-patched-solaris-x86 2.4 45.00 OK
r-release-linux-x86_64 2.4 1.64 20.54 22.18 NOTE
r-release-windows-ix86+x86_64 2.4 4.00 51.00 55.00 OK
r-release-osx-x86_64 2.4 OK
r-oldrel-windows-ix86+x86_64 2.4 2.00 33.00 35.00 OK
r-oldrel-osx-x86_64 2.4 OK

Check Details

Version: 2.4
Check: R code for possible problems
Result: NOTE
    Found the following calls to attach():
    File 'g.data/R/g.data.attach.R':
     attach(NULL, pos, basename(dir))
    See section 'Good practice' in '?attach'.
Flavors: r-devel-linux-x86_64-debian-clang, r-devel-linux-x86_64-debian-gcc, r-patched-linux-x86_64, r-release-linux-x86_64