Last updated on 2020-01-27 00:48:03 CET.
Flavor | Version | Tinstall | Tcheck | Ttotal | Status | Flags |
---|---|---|---|---|---|---|
r-devel-linux-x86_64-debian-clang | 0.1.0 | 4.45 | 47.19 | 51.64 | OK | |
r-devel-linux-x86_64-debian-gcc | 0.1.0 | 3.78 | 36.43 | 40.21 | OK | |
r-devel-linux-x86_64-fedora-clang | 0.1.0 | 61.65 | NOTE | |||
r-devel-linux-x86_64-fedora-gcc | 0.1.0 | 64.11 | NOTE | |||
r-devel-windows-ix86+x86_64 | 0.1.0 | 18.00 | 86.00 | 104.00 | OK | |
r-devel-windows-ix86+x86_64-gcc8 | 0.1.0 | 20.00 | 65.00 | 85.00 | OK | |
r-patched-linux-x86_64 | 0.1.0 | 4.02 | 41.45 | 45.47 | OK | |
r-patched-solaris-x86 | 0.1.0 | 82.20 | NOTE | |||
r-release-linux-x86_64 | 0.1.0 | 4.41 | 41.71 | 46.12 | OK | |
r-release-windows-ix86+x86_64 | 0.1.0 | 9.00 | 58.00 | 67.00 | OK | |
r-release-osx-x86_64 | 0.1.0 | NOTE | ||||
r-oldrel-windows-ix86+x86_64 | 0.1.0 | 5.00 | 54.00 | 59.00 | OK | |
r-oldrel-osx-x86_64 | 0.1.0 | NOTE |
Version: 0.1.0
Check: dependencies in R code
Result: NOTE
Namespace in Imports field not imported from: ‘tibble’
All declared Imports should be used.
Flavors: r-devel-linux-x86_64-fedora-clang, r-devel-linux-x86_64-fedora-gcc, r-patched-solaris-x86, r-release-osx-x86_64, r-oldrel-osx-x86_64