Last updated on 2020-01-27 00:48:03 CET.
Flavor | Version | Tinstall | Tcheck | Ttotal | Status | Flags |
---|---|---|---|---|---|---|
r-devel-linux-x86_64-debian-clang | 1.95.2 | 15.98 | 137.97 | 153.95 | OK | |
r-devel-linux-x86_64-debian-gcc | 1.95.2 | 11.72 | 101.29 | 113.01 | OK | |
r-devel-linux-x86_64-fedora-clang | 1.95.2 | 179.98 | NOTE | |||
r-devel-linux-x86_64-fedora-gcc | 1.95.2 | 102.44 | NOTE | |||
r-devel-windows-ix86+x86_64 | 1.95.2 | 31.00 | 212.00 | 243.00 | OK | |
r-devel-windows-ix86+x86_64-gcc8 | 1.95 | 30.00 | 186.00 | 216.00 | OK | |
r-patched-linux-x86_64 | 1.95.2 | 13.49 | 121.39 | 134.88 | OK | |
r-patched-solaris-x86 | 1.95.2 | 209.50 | NOTE | |||
r-release-linux-x86_64 | 1.95.2 | 13.18 | 121.04 | 134.22 | OK | |
r-release-windows-ix86+x86_64 | 1.95.2 | 23.00 | 141.00 | 164.00 | OK | |
r-release-osx-x86_64 | 1.95.2 | NOTE | ||||
r-oldrel-windows-ix86+x86_64 | 1.95.2 | 29.00 | 169.00 | 198.00 | OK | |
r-oldrel-osx-x86_64 | 1.95.2 | NOTE |
Version: 1.95.2
Check: data for non-ASCII characters
Result: NOTE
Note: found 1 marked UTF-8 string
Flavors: r-devel-linux-x86_64-fedora-clang, r-devel-linux-x86_64-fedora-gcc, r-patched-solaris-x86, r-release-osx-x86_64, r-oldrel-osx-x86_64