Last updated on 2020-01-27 00:48:03 CET.
Flavor | Version | Tinstall | Tcheck | Ttotal | Status | Flags |
---|---|---|---|---|---|---|
r-devel-linux-x86_64-debian-clang | 0.2.1 | 367.52 | 47.56 | 415.08 | OK | |
r-devel-linux-x86_64-debian-gcc | 0.2.1 | 232.68 | 40.75 | 273.43 | OK | |
r-devel-linux-x86_64-fedora-clang | 0.2.1 | 626.21 | NOTE | |||
r-devel-linux-x86_64-fedora-gcc | 0.2.1 | 532.88 | OK | |||
r-devel-windows-ix86+x86_64 | 0.2.1 | 673.00 | 151.00 | 824.00 | NOTE | |
r-devel-windows-ix86+x86_64-gcc8 | 0.2.1 | 663.00 | 126.00 | 789.00 | NOTE | |
r-patched-linux-x86_64 | 0.2.1 | 245.45 | 47.64 | 293.09 | OK | |
r-patched-solaris-x86 | 0.2.1 | 407.90 | OK | |||
r-release-linux-x86_64 | 0.2.1 | 248.11 | 46.61 | 294.72 | OK | |
r-release-windows-ix86+x86_64 | 0.2.1 | 484.00 | 110.00 | 594.00 | NOTE | |
r-release-osx-x86_64 | 0.2.1 | NOTE | ||||
r-oldrel-windows-ix86+x86_64 | 0.2.1 | 533.00 | 109.00 | 642.00 | NOTE | |
r-oldrel-osx-x86_64 | 0.2.1 | NOTE |
Version: 0.2.1
Check: installed package size
Result: NOTE
installed size is 50.7Mb
sub-directories of 1Mb or more:
libs 50.2Mb
Flavors: r-devel-linux-x86_64-fedora-clang, r-devel-windows-ix86+x86_64, r-devel-windows-ix86+x86_64-gcc8, r-release-windows-ix86+x86_64, r-release-osx-x86_64, r-oldrel-windows-ix86+x86_64, r-oldrel-osx-x86_64