CRAN Package Check Results for Package fractaldim

Last updated on 2020-01-27 00:48:03 CET.

Flavor Version Tinstall Tcheck Ttotal Status Flags
r-devel-linux-x86_64-debian-clang 0.8-4 3.71 31.38 35.09 NOTE
r-devel-linux-x86_64-debian-gcc 0.8-4 3.00 24.72 27.72 NOTE
r-devel-linux-x86_64-fedora-clang 0.8-4 42.76 NOTE
r-devel-linux-x86_64-fedora-gcc 0.8-4 43.86 NOTE
r-devel-windows-ix86+x86_64 0.8-4 12.00 60.00 72.00 NOTE
r-devel-windows-ix86+x86_64-gcc8 0.8-4 11.00 62.00 73.00 NOTE
r-patched-linux-x86_64 0.8-4 2.68 29.53 32.21 NOTE
r-patched-solaris-x86 0.8-4 59.10 NOTE
r-release-linux-x86_64 0.8-4 2.59 29.22 31.81 NOTE
r-release-windows-ix86+x86_64 0.8-4 6.00 43.00 49.00 NOTE
r-release-osx-x86_64 0.8-4 NOTE
r-oldrel-windows-ix86+x86_64 0.8-4 4.00 55.00 59.00 NOTE
r-oldrel-osx-x86_64 0.8-4 NOTE

Check Details

Version: 0.8-4
Check: dependencies in R code
Result: NOTE
    'library' or 'require' calls in package code:
     'pcaPP' 'snowFT' 'wavelets'
     Please use :: or requireNamespace() instead.
     See section 'Suggested packages' in the 'Writing R Extensions' manual.
Flavors: r-devel-linux-x86_64-debian-clang, r-devel-linux-x86_64-debian-gcc, r-devel-linux-x86_64-fedora-clang, r-devel-linux-x86_64-fedora-gcc, r-devel-windows-ix86+x86_64, r-devel-windows-ix86+x86_64-gcc8, r-patched-linux-x86_64, r-patched-solaris-x86, r-release-linux-x86_64, r-release-windows-ix86+x86_64, r-release-osx-x86_64, r-oldrel-windows-ix86+x86_64, r-oldrel-osx-x86_64

Version: 0.8-4
Check: R code for possible problems
Result: NOTE
    ComputeDCT2FFT: no visible global function definition for 'fft'
    ComputeSemipgramFFT: no visible global function definition for 'fft'
    WaveVarFD: no visible global function definition for 'modwt'
    do.fd.estimate: no visible global function definition for
     'performParallel'
    do.fd.estimate2d.simple: no visible global function definition for
     'median'
    fd.Genton: no visible global function definition for 'qn'
    fd.estimate.matrix: no visible global function definition for
     'performParallel'
    fd.plot.legend: no visible global function definition for 'legend'
    fd.plot.loglog: no visible global function definition for 'plot'
    fd.plot.loglog: no visible global function definition for 'points'
    fd.plot.loglog: no visible global function definition for 'abline'
    summary.FractalDim: no visible binding for global variable 'sd'
    Undefined global functions or variables:
     abline fft legend median modwt performParallel plot points qn sd
    Consider adding
     importFrom("graphics", "abline", "legend", "plot", "points")
     importFrom("stats", "fft", "median", "sd")
    to your NAMESPACE file.
Flavors: r-devel-linux-x86_64-debian-clang, r-devel-linux-x86_64-debian-gcc, r-devel-linux-x86_64-fedora-clang, r-devel-linux-x86_64-fedora-gcc, r-devel-windows-ix86+x86_64, r-devel-windows-ix86+x86_64-gcc8, r-patched-linux-x86_64, r-patched-solaris-x86, r-release-linux-x86_64, r-release-windows-ix86+x86_64, r-release-osx-x86_64, r-oldrel-windows-ix86+x86_64, r-oldrel-osx-x86_64