CRAN Package Check Results for Package foreach

Last updated on 2020-01-27 00:48:03 CET.

Flavor Version Tinstall Tcheck Ttotal Status Flags
r-devel-linux-x86_64-debian-clang 1.4.7 2.99 40.71 43.70 OK
r-devel-linux-x86_64-debian-gcc 1.4.7 2.30 32.59 34.89 OK
r-devel-linux-x86_64-fedora-clang 1.4.7 54.06 OK
r-devel-linux-x86_64-fedora-gcc 1.4.7 57.15 OK
r-devel-windows-ix86+x86_64 1.4.7 14.00 135.00 149.00 NOTE
r-devel-windows-ix86+x86_64-gcc8 1.4.7 13.00 131.00 144.00 NOTE
r-patched-linux-x86_64 1.4.7 2.44 37.80 40.24 OK
r-patched-solaris-x86 1.4.7 57.10 OK
r-release-linux-x86_64 1.4.7 2.11 37.10 39.21 OK
r-release-windows-ix86+x86_64 1.4.7 6.00 112.00 118.00 NOTE
r-release-osx-x86_64 1.4.7 OK
r-oldrel-windows-ix86+x86_64 1.4.7 5.00 131.00 136.00 NOTE
r-oldrel-osx-x86_64 1.4.7 OK

Check Details

Version: 1.4.7
Check: package dependencies
Result: NOTE
    Package which this enhances but not available for checking: 'doMC'
Flavors: r-devel-windows-ix86+x86_64, r-devel-windows-ix86+x86_64-gcc8, r-release-windows-ix86+x86_64, r-oldrel-windows-ix86+x86_64