CRAN Package Check Results for Package flora

Last updated on 2020-01-27 00:48:03 CET.

Flavor Version Tinstall Tcheck Ttotal Status Flags
r-devel-linux-x86_64-debian-clang 0.3.0 36.21 53.27 89.48 OK
r-devel-linux-x86_64-debian-gcc 0.3.0 34.78 43.21 77.99 OK
r-devel-linux-x86_64-fedora-clang 0.3.0 120.54 NOTE
r-devel-linux-x86_64-fedora-gcc 0.3.0 125.49 OK
r-devel-windows-ix86+x86_64 0.3.0 64.00 89.00 153.00 NOTE
r-devel-windows-ix86+x86_64-gcc8 0.3.0 72.00 88.00 160.00 NOTE
r-patched-linux-x86_64 0.3.0 34.72 49.16 83.88 OK
r-patched-solaris-x86 0.3.0 197.00 NOTE
r-release-linux-x86_64 0.3.0 36.68 48.54 85.22 OK
r-release-windows-ix86+x86_64 0.3.0 59.00 60.00 119.00 NOTE
r-release-osx-x86_64 0.3.0 NOTE
r-oldrel-windows-ix86+x86_64 0.3.0 45.00 62.00 107.00 NOTE
r-oldrel-osx-x86_64 0.3.0 NOTE

Check Details

Version: 0.3.0
Check: installed package size
Result: NOTE
     installed size is 6.5Mb
     sub-directories of 1Mb or more:
     R 6.4Mb
Flavors: r-devel-linux-x86_64-fedora-clang, r-devel-windows-ix86+x86_64, r-devel-windows-ix86+x86_64-gcc8, r-patched-solaris-x86, r-release-windows-ix86+x86_64, r-release-osx-x86_64, r-oldrel-windows-ix86+x86_64, r-oldrel-osx-x86_64