CRAN Package Check Results for Package fitzRoy

Last updated on 2020-01-27 00:48:03 CET.

Flavor Version Tinstall Tcheck Ttotal Status Flags
r-devel-linux-x86_64-debian-clang 0.3.1 5.50 44.91 50.41 OK
r-devel-linux-x86_64-debian-gcc 0.3.1 4.93 35.01 39.94 OK
r-devel-linux-x86_64-fedora-clang 0.3.1 61.81 OK
r-devel-linux-x86_64-fedora-gcc 0.3.1 62.46 OK
r-devel-windows-ix86+x86_64 0.3.1 20.00 91.00 111.00 OK
r-devel-windows-ix86+x86_64-gcc8 0.2.0 WARN
r-patched-linux-x86_64 0.3.1 4.90 40.49 45.39 OK
r-patched-solaris-x86 0.3.1 81.70 OK
r-release-linux-x86_64 0.3.1 5.42 40.04 45.46 OK
r-release-windows-ix86+x86_64 0.3.1 11.00 64.00 75.00 OK
r-release-osx-x86_64 0.3.1 OK
r-oldrel-windows-ix86+x86_64 0.3.1 13.00 112.00 125.00 OK
r-oldrel-osx-x86_64 0.3.1 OK

Check Details

Version: 0.2.0
Check: re-building of vignette outputs
Result: WARN
    Error(s) in re-building vignettes:
    --- re-building 'elo-ratings-example.Rmd' using rmarkdown
    --- finished re-building 'elo-ratings-example.Rmd'
    
    --- re-building 'mens-stats.Rmd' using rmarkdown
    Getting data from https://api.squiggle.com.au/?q=sources
    Getting data from https://api.squiggle.com.au/?q=tips
    Getting data from https://api.squiggle.com.au/?q=tips;round=1;year=2018
    --- finished re-building 'mens-stats.Rmd'
    
    --- re-building 'womens-stats.Rmd' using rmarkdown
    
    Attaching package: 'dplyr'
    
    The following objects are masked from 'package:stats':
    
     filter, lag
    
    The following objects are masked from 'package:base':
    
     intersect, setdiff, setequal, union
    
    Quitting from lines 34-35 (womens-stats.Rmd)
    Error: processing vignette 'womens-stats.Rmd' failed with diagnostics:
    Column `year` not found in `.data`
    --- failed re-building 'womens-stats.Rmd'
    
    SUMMARY: processing the following file failed:
     'womens-stats.Rmd'
    
    Error: Vignette re-building failed.
    Execution halted
Flavor: r-devel-windows-ix86+x86_64-gcc8